CRAN Package Check Results for Package imageviewer

Last updated on 2025-02-16 14:50:34 CET.

Flavor Version Tinstall Tcheck Ttotal Status Flags
r-devel-linux-x86_64-debian-clang 0.1.0 2.59 22.08 24.67 OK
r-devel-linux-x86_64-debian-gcc 0.1.0 1.86 18.10 19.96 OK
r-devel-linux-x86_64-fedora-clang 0.1.0 41.03 OK
r-devel-linux-x86_64-fedora-gcc 0.1.0 37.88 OK
r-devel-macos-arm64 0.1.0 19.00 OK
r-devel-macos-x86_64 0.1.0 29.00 OK
r-devel-windows-x86_64 0.1.0 6.00 44.00 50.00 OK
r-patched-linux-x86_64 0.1.0 2.32 21.79 24.11 NOTE
r-release-linux-x86_64 0.1.0 2.57 21.41 23.98 NOTE
r-release-macos-arm64 0.1.0 17.00 NOTE
r-release-macos-x86_64 0.1.0 24.00 NOTE
r-release-windows-x86_64 0.1.0 7.00 46.00 53.00 NOTE
r-oldrel-macos-arm64 0.1.0 21.00 NOTE
r-oldrel-macos-x86_64 0.1.0 24.00 NOTE
r-oldrel-windows-x86_64 0.1.0 7.00 53.00 60.00 NOTE

Check Details

Version: 0.1.0
Check: LazyData
Result: NOTE 'LazyData' is specified without a 'data' directory Flavors: r-patched-linux-x86_64, r-release-linux-x86_64, r-release-macos-arm64, r-release-macos-x86_64, r-release-windows-x86_64, r-oldrel-macos-arm64, r-oldrel-macos-x86_64, r-oldrel-windows-x86_64