Last updated on 2024-05-21 14:57:13 CEST.
Flavor | Version | Tinstall | Tcheck | Ttotal | Status | Flags |
---|---|---|---|---|---|---|
r-devel-linux-x86_64-debian-clang | 1.0.2.1 | 63.02 | 121.52 | 184.54 | NOTE | |
r-devel-linux-x86_64-debian-gcc | 1.0.2.1 | 38.51 | 87.03 | 125.54 | NOTE | |
r-devel-linux-x86_64-fedora-clang | 1.0.2.1 | 242.46 | NOTE | |||
r-devel-linux-x86_64-fedora-gcc | 1.0.2.1 | 245.93 | NOTE | |||
r-devel-windows-x86_64 | 1.0.2.1 | 50.00 | 135.00 | 185.00 | NOTE | |
r-patched-linux-x86_64 | 1.0.2.1 | 64.12 | 114.75 | 178.87 | NOTE | |
r-release-linux-x86_64 | 1.0.2.1 | 58.12 | 112.58 | 170.70 | NOTE | |
r-release-macos-arm64 | 1.0.2.1 | 59.00 | NOTE | |||
r-release-windows-x86_64 | 1.0.2.1 | 53.00 | 129.00 | 182.00 | NOTE | |
r-oldrel-macos-arm64 | 1.0.2.1 | 68.00 | NOTE | |||
r-oldrel-macos-x86_64 | 1.0.2.1 | 109.00 | NOTE | |||
r-oldrel-windows-x86_64 | 1.0.2.1 | 60.00 | 158.00 | 218.00 | NOTE |
Version: 1.0.2.1
Check: C++ specification
Result: NOTE
Specified C++11: please drop specification unless essential
Flavors: r-devel-linux-x86_64-debian-clang, r-devel-linux-x86_64-debian-gcc, r-devel-linux-x86_64-fedora-clang, r-devel-linux-x86_64-fedora-gcc, r-devel-windows-x86_64, r-patched-linux-x86_64, r-release-linux-x86_64, r-release-macos-arm64, r-release-windows-x86_64, r-oldrel-macos-arm64, r-oldrel-macos-x86_64, r-oldrel-windows-x86_64
Version: 1.0.2.1
Check: Rd files
Result: NOTE
checkRd: (-1) oversample.Rd:23-24: Lost braces
23 | minority examples and majority ones, that is, the quotient {size of
| ^
checkRd: (-1) oversample.Rd:24: Lost braces; missing escapes or markup?
24 | minority class}/{size of majority class}. There are methods, such as
| ^
Flavors: r-devel-linux-x86_64-debian-clang, r-devel-linux-x86_64-debian-gcc, r-devel-linux-x86_64-fedora-clang, r-devel-linux-x86_64-fedora-gcc, r-devel-windows-x86_64, r-patched-linux-x86_64, r-release-linux-x86_64, r-release-macos-arm64, r-release-windows-x86_64