Last updated on 2025-02-21 02:52:13 CET.
Flavor | Version | Tinstall | Tcheck | Ttotal | Status | Flags |
---|---|---|---|---|---|---|
r-devel-linux-x86_64-debian-clang | 1.0.3 | 34.36 | 270.94 | 305.30 | OK | |
r-devel-linux-x86_64-debian-gcc | 1.0.3 | 19.35 | 185.75 | 205.10 | OK | |
r-devel-linux-x86_64-fedora-clang | 1.0.3 | 466.63 | OK | |||
r-devel-linux-x86_64-fedora-gcc | 1.0.3 | 492.20 | OK | |||
r-devel-macos-arm64 | 1.0.3 | 4.00 | ERROR | |||
r-devel-macos-x86_64 | 1.0.3 | 219.00 | OK | |||
r-devel-windows-x86_64 | 1.0.3 | 31.00 | 220.00 | 251.00 | OK | |
r-patched-linux-x86_64 | 1.0.3 | 29.14 | 247.17 | 276.31 | OK | |
r-release-linux-x86_64 | 1.0.3 | 32.40 | 249.07 | 281.47 | OK | |
r-release-macos-arm64 | 1.0.3 | 130.00 | OK | |||
r-release-macos-x86_64 | 1.0.3 | 182.00 | OK | |||
r-release-windows-x86_64 | 1.0.3 | 31.00 | 221.00 | 252.00 | OK | |
r-oldrel-macos-arm64 | 1.0.3 | 124.00 | OK | |||
r-oldrel-macos-x86_64 | 1.0.3 | 230.00 | OK | |||
r-oldrel-windows-x86_64 | 1.0.3 | 45.00 | 291.00 | 336.00 | OK |
Version: 1.0.3
Check: package dependencies
Result: ERROR
Package required but not available: ‘org.Hs.eg.db’
See section ‘The DESCRIPTION file’ in the ‘Writing R Extensions’
manual.
Flavor: r-devel-macos-arm64