Last updated on 2025-02-21 02:52:13 CET.
Flavor | Version | Tinstall | Tcheck | Ttotal | Status | Flags |
---|---|---|---|---|---|---|
r-devel-linux-x86_64-debian-clang | 0.4.2 | 18.94 | 54.41 | 73.35 | OK | |
r-devel-linux-x86_64-debian-gcc | 0.4.2 | 10.94 | 40.20 | 51.14 | OK | |
r-devel-linux-x86_64-fedora-clang | 0.4.2 | 124.06 | OK | |||
r-devel-linux-x86_64-fedora-gcc | 0.4.2 | 128.25 | OK | |||
r-devel-macos-arm64 | 0.4.2 | 47.00 | OK | |||
r-devel-macos-x86_64 | 0.4.2 | 84.00 | OK | |||
r-devel-windows-x86_64 | 0.4.2 | 21.00 | 89.00 | 110.00 | OK | |
r-patched-linux-x86_64 | 0.4.2 | 17.96 | 50.34 | 68.30 | NOTE | |
r-release-linux-x86_64 | 0.4.2 | 15.85 | 49.97 | 65.82 | NOTE | |
r-release-macos-arm64 | 0.4.2 | 42.00 | NOTE | |||
r-release-macos-x86_64 | 0.4.2 | 59.00 | NOTE | |||
r-release-windows-x86_64 | 0.4.2 | 20.00 | 91.00 | 111.00 | NOTE | |
r-oldrel-macos-arm64 | 0.4.2 | 47.00 | NOTE | |||
r-oldrel-macos-x86_64 | 0.4.2 | 86.00 | NOTE | |||
r-oldrel-windows-x86_64 | 0.4.2 | 27.00 | 111.00 | 138.00 | NOTE |
Version: 0.4.2
Check: package dependencies
Result: NOTE
Package suggested but not available for checking: ‘accdata’
Flavors: r-patched-linux-x86_64, r-release-linux-x86_64, r-release-macos-arm64, r-release-macos-x86_64, r-release-windows-x86_64, r-oldrel-macos-arm64, r-oldrel-macos-x86_64, r-oldrel-windows-x86_64