Last updated on 2025-02-21 02:52:13 CET.
Flavor | Version | Tinstall | Tcheck | Ttotal | Status | Flags |
---|---|---|---|---|---|---|
r-devel-linux-x86_64-debian-clang | 1.0.1 | 10.10 | 33.11 | 43.21 | NOTE | |
r-devel-linux-x86_64-debian-gcc | 1.0.1 | 7.27 | 24.71 | 31.98 | NOTE | |
r-devel-linux-x86_64-fedora-clang | 1.0.1 | 75.79 | NOTE | |||
r-devel-linux-x86_64-fedora-gcc | 1.0.1 | 68.94 | NOTE | |||
r-devel-macos-arm64 | 1.0.1 | 25.00 | NOTE | |||
r-devel-macos-x86_64 | 1.0.1 | 41.00 | NOTE | |||
r-devel-windows-x86_64 | 1.0.1 | 12.00 | 71.00 | 83.00 | NOTE | |
r-patched-linux-x86_64 | 1.0.1 | 9.92 | 31.81 | 41.73 | OK | |
r-release-linux-x86_64 | 1.0.1 | 9.76 | 32.23 | 41.99 | OK | |
r-release-macos-arm64 | 1.0.1 | 26.00 | OK | |||
r-release-macos-x86_64 | 1.0.1 | 36.00 | OK | |||
r-release-windows-x86_64 | 1.0.1 | 13.00 | 69.00 | 82.00 | OK | |
r-oldrel-macos-arm64 | 1.0.1 | 32.00 | OK | |||
r-oldrel-macos-x86_64 | 1.0.1 | 63.00 | OK | |||
r-oldrel-windows-x86_64 | 1.0.1 | 15.00 | 89.00 | 104.00 | OK |
Version: 1.0.1
Check: compiled code
Result: NOTE
File ‘indexthis/libs/indexthis.so’:
Found non-API call to R: ‘STRING_PTR’
Compiled code should not call non-API entry points in R.
See ‘Writing portable packages’ in the ‘Writing R Extensions’ manual,
and section ‘Moving into C API compliance’ for issues with the use of
non-API entry points.
Flavors: r-devel-linux-x86_64-debian-clang, r-devel-linux-x86_64-debian-gcc, r-devel-linux-x86_64-fedora-clang, r-devel-linux-x86_64-fedora-gcc, r-devel-macos-arm64, r-devel-macos-x86_64
Version: 1.0.1
Check: compiled code
Result: NOTE
File 'indexthis/libs/x64/indexthis.dll':
Found non-API call to R: 'STRING_PTR'
Compiled code should not call non-API entry points in R.
See 'Writing portable packages' in the 'Writing R Extensions' manual,
and section 'Moving into C API compliance' for issues with the use of
non-API entry points.
Flavor: r-devel-windows-x86_64