CRAN Package Check Results for Package indiedown

Last updated on 2025-02-18 02:50:38 CET.

Flavor Version Tinstall Tcheck Ttotal Status Flags
r-devel-linux-x86_64-debian-clang 0.1.1 2.20 30.71 32.91 OK
r-devel-linux-x86_64-debian-gcc 0.1.1 1.73 24.53 26.26 OK
r-devel-linux-x86_64-fedora-clang 0.1.1 54.43 OK
r-devel-linux-x86_64-fedora-gcc 0.1.1 65.87 OK
r-devel-macos-arm64 0.1.1 33.00 OK
r-devel-macos-x86_64 0.1.1 50.00 OK
r-devel-windows-x86_64 0.1.1 4.00 60.00 64.00 OK
r-patched-linux-x86_64 0.1.1 2.19 30.25 32.44 NOTE
r-release-linux-x86_64 0.1.1 1.98 28.86 30.84 NOTE
r-release-macos-arm64 0.1.1 29.00 NOTE
r-release-macos-x86_64 0.1.1 41.00 NOTE
r-release-windows-x86_64 0.1.1 4.00 61.00 65.00 NOTE
r-oldrel-macos-arm64 0.1.1 30.00 NOTE
r-oldrel-macos-x86_64 0.1.1 41.00 NOTE
r-oldrel-windows-x86_64 0.1.1 5.00 61.00 66.00 NOTE

Check Details

Version: 0.1.1
Check: LazyData
Result: NOTE 'LazyData' is specified without a 'data' directory Flavors: r-patched-linux-x86_64, r-release-linux-x86_64, r-release-macos-arm64, r-release-macos-x86_64, r-release-windows-x86_64, r-oldrel-macos-arm64, r-oldrel-macos-x86_64, r-oldrel-windows-x86_64