Last updated on 2024-05-21 14:57:13 CEST.
Flavor | Version | Tinstall | Tcheck | Ttotal | Status | Flags |
---|---|---|---|---|---|---|
r-devel-linux-x86_64-debian-clang | 1.0 | 64.20 | 73.84 | 138.04 | NOTE | |
r-devel-linux-x86_64-debian-gcc | 1.0 | 46.54 | 54.02 | 100.56 | NOTE | |
r-devel-linux-x86_64-fedora-clang | 1.0 | 186.75 | NOTE | |||
r-devel-linux-x86_64-fedora-gcc | 1.0 | 191.93 | NOTE | |||
r-devel-windows-x86_64 | 1.0 | 53.00 | 96.00 | 149.00 | NOTE | |
r-patched-linux-x86_64 | 1.0 | 65.63 | 70.16 | 135.79 | NOTE | |
r-release-linux-x86_64 | 1.0 | 68.46 | 70.89 | 139.35 | NOTE | |
r-release-macos-arm64 | 1.0 | 46.00 | NOTE | |||
r-release-windows-x86_64 | 1.0 | 52.00 | 91.00 | 143.00 | NOTE | |
r-oldrel-macos-arm64 | 1.0 | 54.00 | NOTE | |||
r-oldrel-macos-x86_64 | 1.0 | 84.00 | NOTE | |||
r-oldrel-windows-x86_64 | 1.0 | 64.00 | 109.00 | 173.00 | NOTE |
Version: 1.0
Check: C++ specification
Result: NOTE
Specified C++11: please drop specification unless essential
Flavors: r-devel-linux-x86_64-debian-clang, r-devel-linux-x86_64-debian-gcc, r-devel-linux-x86_64-fedora-clang, r-devel-linux-x86_64-fedora-gcc, r-devel-windows-x86_64, r-patched-linux-x86_64, r-release-linux-x86_64, r-release-macos-arm64, r-release-windows-x86_64, r-oldrel-macos-arm64, r-oldrel-macos-x86_64, r-oldrel-windows-x86_64