Last updated on 2025-02-20 14:50:55 CET.
Flavor | Version | Tinstall | Tcheck | Ttotal | Status | Flags |
---|---|---|---|---|---|---|
r-devel-linux-x86_64-debian-clang | 2.3 | 3.29 | 30.24 | 33.53 | NOTE | |
r-devel-linux-x86_64-debian-gcc | 2.3 | 2.61 | 24.09 | 26.70 | NOTE | |
r-devel-linux-x86_64-fedora-clang | 2.3 | 53.43 | OK | |||
r-devel-linux-x86_64-fedora-gcc | 2.3 | 51.33 | OK | |||
r-devel-macos-arm64 | 2.3 | 25.00 | OK | |||
r-devel-macos-x86_64 | 2.3 | 42.00 | OK | |||
r-devel-windows-x86_64 | 2.3 | 5.00 | 53.00 | 58.00 | NOTE | |
r-patched-linux-x86_64 | 2.3 | 5.42 | 28.63 | 34.05 | OK | |
r-release-linux-x86_64 | 2.3 | 3.19 | 29.17 | 32.36 | OK | |
r-release-macos-arm64 | 2.3 | 25.00 | OK | |||
r-release-macos-x86_64 | 2.3 | 33.00 | OK | |||
r-release-windows-x86_64 | 2.3 | 5.00 | 52.00 | 57.00 | OK | |
r-oldrel-macos-arm64 | 2.3 | 26.00 | OK | |||
r-oldrel-macos-x86_64 | 2.3 | 33.00 | OK | |||
r-oldrel-windows-x86_64 | 2.3 | 6.00 | 51.00 | 57.00 | OK |
Version: 2.3
Check: Rd cross-references
Result: NOTE
Found the following Rd file(s) with Rd \link{} targets missing package
anchors:
Deltachi.Rd: lavaan, sem
Likedist.Rd: lavaan, sem
fitinfluence.Rd: lavaan, sem
genCookDist.Rd: lavaan, sem
parinfluence.Rd: lavaan, sem
Please provide package anchors for all Rd \link{} targets not in the
package itself and the base packages.
Flavors: r-devel-linux-x86_64-debian-clang, r-devel-linux-x86_64-debian-gcc, r-devel-windows-x86_64