Last updated on 2025-02-21 02:52:14 CET.
Flavor | Version | Tinstall | Tcheck | Ttotal | Status | Flags |
---|---|---|---|---|---|---|
r-devel-linux-x86_64-debian-clang | 1.0.3 | 7.24 | 147.24 | 154.48 | NOTE | |
r-devel-linux-x86_64-debian-gcc | 1.0.3 | 5.25 | 104.18 | 109.43 | NOTE | |
r-devel-linux-x86_64-fedora-clang | 1.0.3 | 232.32 | NOTE | |||
r-devel-linux-x86_64-fedora-gcc | 1.0.3 | 233.94 | NOTE | |||
r-devel-macos-arm64 | 1.0.3 | 73.00 | OK | |||
r-devel-macos-x86_64 | 1.0.3 | 139.00 | NOTE | |||
r-devel-windows-x86_64 | 1.0.3 | 11.00 | 135.00 | 146.00 | NOTE | |
r-patched-linux-x86_64 | 1.0.3 | 6.95 | 134.39 | 141.34 | OK | |
r-release-linux-x86_64 | 1.0.3 | 7.35 | 136.98 | 144.33 | OK | |
r-release-macos-arm64 | 1.0.3 | 68.00 | OK | |||
r-release-macos-x86_64 | 1.0.3 | 105.00 | OK | |||
r-release-windows-x86_64 | 1.0.3 | 10.00 | 136.00 | 146.00 | OK | |
r-oldrel-macos-arm64 | 1.0.3 | 66.00 | OK | |||
r-oldrel-macos-x86_64 | 1.0.3 | 167.00 | OK | |||
r-oldrel-windows-x86_64 | 1.0.3 | 14.00 | 181.00 | 195.00 | OK |
Version: 1.0.3
Check: DESCRIPTION meta-information
Result: NOTE
Missing dependency on R >= 4.1.0 because package code uses the pipe
|> or function shorthand \(...) syntax added in R 4.1.0.
File(s) using such syntax:
‘gg_injprev_polar.R’ ‘gg_injriskmatrix.R’ ‘helpers.R’ ‘injprev.R’
‘injsummary.R’ ‘prepare_data.R’ ‘utils.R’
Flavors: r-devel-linux-x86_64-debian-clang, r-devel-linux-x86_64-debian-gcc, r-devel-linux-x86_64-fedora-clang, r-devel-linux-x86_64-fedora-gcc, r-devel-macos-x86_64, r-devel-windows-x86_64