Last updated on 2025-02-20 14:50:55 CET.
Flavor | Version | Tinstall | Tcheck | Ttotal | Status | Flags |
---|---|---|---|---|---|---|
r-devel-linux-x86_64-debian-clang | 0.1.2 | 55.16 | 27.18 | 82.34 | OK | |
r-devel-linux-x86_64-debian-gcc | 0.1.2 | 41.63 | 20.95 | 62.58 | OK | |
r-devel-linux-x86_64-fedora-clang | 0.1.2 | 167.29 | OK | |||
r-devel-linux-x86_64-fedora-gcc | 0.1.2 | 159.62 | OK | |||
r-devel-macos-arm64 | 0.1.2 | 35.00 | OK | |||
r-devel-macos-x86_64 | 0.1.2 | 50.00 | OK | |||
r-devel-windows-x86_64 | 0.1.2 | 61.00 | 68.00 | 129.00 | OK | |
r-patched-linux-x86_64 | 0.1.2 | 60.00 | 25.60 | 85.60 | NOTE | |
r-release-linux-x86_64 | 0.1.2 | 60.53 | 26.50 | 87.03 | NOTE | |
r-release-macos-arm64 | 0.1.2 | 41.00 | NOTE | |||
r-release-macos-x86_64 | 0.1.2 | 45.00 | NOTE | |||
r-release-windows-x86_64 | 0.1.2 | 60.00 | 67.00 | 127.00 | NOTE | |
r-oldrel-macos-arm64 | 0.1.2 | 49.00 | NOTE | |||
r-oldrel-macos-x86_64 | 0.1.2 | 94.00 | NOTE | |||
r-oldrel-windows-x86_64 | 0.1.2 | 61.00 | 78.00 | 139.00 | NOTE |
Version: 0.1.2
Check: LazyData
Result: NOTE
'LazyData' is specified without a 'data' directory
Flavors: r-patched-linux-x86_64, r-release-linux-x86_64, r-release-macos-arm64, r-release-macos-x86_64, r-release-windows-x86_64, r-oldrel-macos-arm64, r-oldrel-macos-x86_64, r-oldrel-windows-x86_64