Last updated on 2025-02-21 02:52:14 CET.
Flavor | Version | Tinstall | Tcheck | Ttotal | Status | Flags |
---|---|---|---|---|---|---|
r-devel-linux-x86_64-debian-clang | 2.1.1 | 39.37 | 332.63 | 372.00 | OK | |
r-devel-linux-x86_64-debian-gcc | 2.1.1 | 23.42 | 218.91 | 242.33 | OK | |
r-devel-linux-x86_64-fedora-clang | 2.1.1 | 587.05 | OK | |||
r-devel-linux-x86_64-fedora-gcc | 2.1.1 | 563.88 | OK | |||
r-devel-macos-arm64 | 2.1.1 | 144.00 | OK | |||
r-devel-macos-x86_64 | 2.1.1 | 328.00 | OK | |||
r-devel-windows-x86_64 | 2.1.1 | 37.00 | 245.00 | 282.00 | OK | |
r-patched-linux-x86_64 | 2.1.1 | 38.01 | 309.87 | 347.88 | NOTE | |
r-release-linux-x86_64 | 2.1.1 | 34.73 | 297.54 | 332.27 | NOTE | |
r-release-macos-arm64 | 2.1.1 | 154.00 | NOTE | |||
r-release-macos-x86_64 | 2.1.1 | 210.00 | NOTE | |||
r-release-windows-x86_64 | 2.1.1 | 35.00 | 246.00 | 281.00 | OK | |
r-oldrel-macos-arm64 | 2.1.1 | 158.00 | NOTE | |||
r-oldrel-macos-x86_64 | 2.1.1 | 296.00 | NOTE | |||
r-oldrel-windows-x86_64 | 2.1.1 | 50.00 | 375.00 | 425.00 | NOTE |
Version: 2.1.1
Check: package dependencies
Result: NOTE
Package suggested but not available for checking: ‘INLA’
Flavors: r-patched-linux-x86_64, r-release-linux-x86_64, r-release-macos-arm64, r-release-macos-x86_64, r-oldrel-macos-arm64, r-oldrel-macos-x86_64, r-oldrel-windows-x86_64
Version: 2.1.1
Check: Rd cross-references
Result: NOTE
Package unavailable to check Rd xrefs: ‘INLA’
Flavors: r-patched-linux-x86_64, r-release-linux-x86_64, r-release-macos-arm64, r-release-macos-x86_64, r-oldrel-macos-arm64, r-oldrel-macos-x86_64, r-oldrel-windows-x86_64