Last updated on 2025-02-21 02:52:14 CET.
Flavor | Version | Tinstall | Tcheck | Ttotal | Status | Flags |
---|---|---|---|---|---|---|
r-devel-linux-x86_64-debian-clang | 3.0.4 | 6.86 | 45.02 | 51.88 | OK | |
r-devel-linux-x86_64-debian-gcc | 3.0.4 | 4.54 | 31.81 | 36.35 | OK | |
r-devel-linux-x86_64-fedora-clang | 3.0.4 | 84.57 | NOTE | |||
r-devel-linux-x86_64-fedora-gcc | 3.0.4 | 93.19 | NOTE | |||
r-devel-macos-arm64 | 3.0.4 | 29.00 | OK | |||
r-devel-macos-x86_64 | 3.0.4 | 54.00 | OK | |||
r-devel-windows-x86_64 | 3.0.4 | 8.00 | 75.00 | 83.00 | OK | |
r-patched-linux-x86_64 | 3.0.4 | 8.58 | 43.24 | 51.82 | OK | |
r-release-linux-x86_64 | 3.0.4 | 6.88 | 43.62 | 50.50 | OK | |
r-release-macos-arm64 | 3.0.4 | 29.00 | OK | |||
r-release-macos-x86_64 | 3.0.4 | 46.00 | OK | |||
r-release-windows-x86_64 | 3.0.4 | 9.00 | 67.00 | 76.00 | OK | |
r-oldrel-macos-arm64 | 3.0.4 | 33.00 | OK | |||
r-oldrel-macos-x86_64 | 3.0.4 | 50.00 | OK | |||
r-oldrel-windows-x86_64 | 3.0.4 | 10.00 | 70.00 | 80.00 | OK |
Version: 3.0.4
Check: dependencies in R code
Result: NOTE
Namespace in Imports field not imported from: ‘splines2’
All declared Imports should be used.
Flavors: r-devel-linux-x86_64-fedora-clang, r-devel-linux-x86_64-fedora-gcc