Last updated on 2025-02-18 02:50:38 CET.
Flavor | Version | Tinstall | Tcheck | Ttotal | Status | Flags |
---|---|---|---|---|---|---|
r-devel-linux-x86_64-debian-clang | 0.1.1 | 40.66 | 21.78 | 62.44 | OK | |
r-devel-linux-x86_64-debian-gcc | 0.1.1 | 39.00 | 17.54 | 56.54 | OK | |
r-devel-linux-x86_64-fedora-clang | 0.1.1 | 119.84 | OK | |||
r-devel-linux-x86_64-fedora-gcc | 0.1.1 | 137.25 | OK | |||
r-devel-macos-arm64 | 0.1.1 | 34.00 | OK | |||
r-devel-macos-x86_64 | 0.1.1 | 53.00 | OK | |||
r-devel-windows-x86_64 | 0.1.1 | 58.00 | 67.00 | 125.00 | OK | |
r-patched-linux-x86_64 | 0.1.1 | 50.73 | 21.32 | 72.05 | OK | |
r-release-linux-x86_64 | 0.1.1 | 51.77 | 20.87 | 72.64 | OK | |
r-release-macos-arm64 | 0.1.1 | 29.00 | NOTE | |||
r-release-macos-x86_64 | 0.1.1 | 50.00 | NOTE | |||
r-release-windows-x86_64 | 0.1.1 | 58.00 | 70.00 | 128.00 | OK | |
r-oldrel-macos-arm64 | 0.1.1 | 39.00 | NOTE | |||
r-oldrel-macos-x86_64 | 0.1.1 | 75.00 | NOTE | |||
r-oldrel-windows-x86_64 | 0.1.1 | 66.00 | 101.00 | 167.00 | OK |
Version: 0.1.1
Check: installed package size
Result: NOTE
installed size is 5.1Mb
sub-directories of 1Mb or more:
libs 5.0Mb
Flavors: r-release-macos-arm64, r-release-macos-x86_64, r-oldrel-macos-arm64, r-oldrel-macos-x86_64