Last updated on 2025-05-14 14:49:56 CEST.
Flavor | Version | Tinstall | Tcheck | Ttotal | Status | Flags |
---|---|---|---|---|---|---|
r-devel-linux-x86_64-debian-clang | 1.0.0 | 21.09 | 28.24 | 49.33 | NOTE | |
r-devel-linux-x86_64-debian-gcc | 1.0.0 | 17.00 | 22.04 | 39.04 | NOTE | |
r-devel-linux-x86_64-fedora-clang | 1.0.0 | 84.57 | OK | |||
r-devel-linux-x86_64-fedora-gcc | 1.0.0 | 95.49 | OK | |||
r-devel-windows-x86_64 | 1.0.0 | 25.00 | 67.00 | 92.00 | OK | |
r-patched-linux-x86_64 | 1.0.0 | 21.32 | 26.16 | 47.48 | OK | |
r-release-linux-x86_64 | 1.0.0 | 22.68 | 26.06 | 48.74 | OK | |
r-release-macos-arm64 | 1.0.0 | 25.00 | OK | |||
r-release-macos-x86_64 | 1.0.0 | 46.00 | OK | |||
r-release-windows-x86_64 | 1.0.0 | 26.00 | 66.00 | 92.00 | OK | |
r-oldrel-macos-arm64 | 1.0.0 | 26.00 | OK | |||
r-oldrel-macos-x86_64 | 1.0.0 | 38.00 | OK | |||
r-oldrel-windows-x86_64 | 1.0.0 | 25.00 | 81.00 | 106.00 | OK |
Version: 1.0.0
Check: CRAN incoming feasibility
Result: NOTE
Maintainer: ‘Stéphane Laurent <laurent_step@outlook.fr>’
No Authors@R field in DESCRIPTION.
Please add one, modifying
Authors@R: person(given = "Stéphane",
family = "Laurent",
role = c("aut", "cre"),
email = "laurent_step@outlook.fr")
as necessary.
Flavors: r-devel-linux-x86_64-debian-clang, r-devel-linux-x86_64-debian-gcc