Last updated on 2025-02-21 02:52:14 CET.
Flavor | Version | Tinstall | Tcheck | Ttotal | Status | Flags |
---|---|---|---|---|---|---|
r-devel-linux-x86_64-debian-clang | 0.2.2 | 139.36 | 46.37 | 185.73 | NOTE | |
r-devel-linux-x86_64-debian-gcc | 0.2.2 | 118.38 | 32.42 | 150.80 | NOTE | |
r-devel-linux-x86_64-fedora-clang | 0.2.2 | 365.20 | NOTE | |||
r-devel-linux-x86_64-fedora-gcc | 0.2.2 | 384.83 | NOTE | |||
r-devel-macos-arm64 | 0.2.2 | 77.00 | NOTE | |||
r-devel-macos-x86_64 | 0.2.2 | 98.00 | NOTE | |||
r-devel-windows-x86_64 | 0.2.2 | 149.00 | 96.00 | 245.00 | NOTE | |
r-patched-linux-x86_64 | 0.2.2 | 163.11 | 44.59 | 207.70 | NOTE | |
r-release-linux-x86_64 | 0.2.2 | 161.84 | 44.72 | 206.56 | NOTE | |
r-release-macos-arm64 | 0.2.2 | 81.00 | NOTE | |||
r-release-macos-x86_64 | 0.2.2 | 79.00 | NOTE | |||
r-release-windows-x86_64 | 0.2.2 | 152.00 | 99.00 | 251.00 | NOTE | |
r-oldrel-macos-arm64 | 0.2.2 | 96.00 | NOTE | |||
r-oldrel-macos-x86_64 | 0.2.2 | 173.00 | NOTE | |||
r-oldrel-windows-x86_64 | 0.2.2 | 182.00 | 110.00 | 292.00 | NOTE |
Version: 0.2.2
Check: C++ specification
Result: NOTE
Specified C++11: please drop specification unless essential
Flavors: r-devel-linux-x86_64-debian-clang, r-devel-linux-x86_64-debian-gcc, r-devel-linux-x86_64-fedora-clang, r-devel-linux-x86_64-fedora-gcc, r-devel-macos-arm64, r-devel-macos-x86_64, r-devel-windows-x86_64, r-patched-linux-x86_64, r-release-linux-x86_64, r-release-macos-arm64, r-release-macos-x86_64, r-release-windows-x86_64, r-oldrel-macos-arm64, r-oldrel-macos-x86_64, r-oldrel-windows-x86_64
Version: 0.2.2
Check: Rd files
Result: NOTE
checkRd: (-1) cox_cure_net.Rd:132: Lost braces
132 | \code{surv_lambda} (or code{cure_lambda}) that produces all-zero
| ^
Flavors: r-devel-linux-x86_64-debian-clang, r-devel-linux-x86_64-debian-gcc, r-devel-linux-x86_64-fedora-clang, r-devel-linux-x86_64-fedora-gcc, r-devel-macos-arm64, r-devel-macos-x86_64, r-devel-windows-x86_64, r-patched-linux-x86_64, r-release-linux-x86_64, r-release-macos-arm64, r-release-macos-x86_64, r-release-windows-x86_64
Version: 0.2.2
Check: LazyData
Result: NOTE
'LazyData' is specified without a 'data' directory
Flavors: r-patched-linux-x86_64, r-release-linux-x86_64, r-release-macos-arm64, r-release-macos-x86_64, r-release-windows-x86_64, r-oldrel-macos-arm64, r-oldrel-macos-x86_64, r-oldrel-windows-x86_64
Version: 0.2.2
Check: installed package size
Result: NOTE
installed size is 11.4Mb
sub-directories of 1Mb or more:
libs 10.7Mb
Flavors: r-release-macos-arm64, r-release-macos-x86_64, r-oldrel-macos-arm64, r-oldrel-macos-x86_64