CRAN Package Check Results for Package ipsRdbs

Last updated on 2025-02-18 02:50:38 CET.

Flavor Version Tinstall Tcheck Ttotal Status Flags
r-devel-linux-x86_64-debian-clang 1.0.0 5.16 168.00 173.16 OK
r-devel-linux-x86_64-debian-gcc 1.0.0 3.87 120.24 124.11 OK
r-devel-linux-x86_64-fedora-clang 1.0.0 288.03 OK
r-devel-linux-x86_64-fedora-gcc 1.0.0 249.18 OK
r-devel-macos-arm64 1.0.0 60.00 OK
r-devel-macos-x86_64 1.0.0 109.00 OK
r-devel-windows-x86_64 1.0.0 7.00 125.00 132.00 OK
r-patched-linux-x86_64 1.0.0 4.30 157.93 162.23 OK
r-release-linux-x86_64 1.0.0 4.77 156.61 161.38 OK
r-release-macos-arm64 1.0.0 61.00 NOTE
r-release-macos-x86_64 1.0.0 96.00 NOTE
r-release-windows-x86_64 1.0.0 7.00 128.00 135.00 NOTE
r-oldrel-macos-arm64 1.0.0 62.00 NOTE
r-oldrel-macos-x86_64 1.0.0 109.00 NOTE
r-oldrel-windows-x86_64 1.0.0 9.00 140.00 149.00 NOTE

Check Details

Version: 1.0.0
Check: installed package size
Result: NOTE installed size is 5.6Mb sub-directories of 1Mb or more: doc 5.2Mb Flavors: r-release-macos-arm64, r-release-macos-x86_64, r-release-windows-x86_64, r-oldrel-macos-arm64, r-oldrel-macos-x86_64, r-oldrel-windows-x86_64