Last updated on 2025-02-18 02:50:38 CET.
Flavor | Version | Tinstall | Tcheck | Ttotal | Status | Flags |
---|---|---|---|---|---|---|
r-devel-linux-x86_64-debian-clang | 1.10.1 | 19.51 | 32.18 | 51.69 | OK | |
r-devel-linux-x86_64-debian-gcc | 1.10.1 | 15.45 | 24.58 | 40.03 | OK | |
r-devel-linux-x86_64-fedora-clang | 1.10.1 | 85.80 | OK | |||
r-devel-linux-x86_64-fedora-gcc | 1.10.1 | 100.09 | OK | |||
r-devel-macos-arm64 | 1.10.1 | 33.00 | OK | |||
r-devel-macos-x86_64 | 1.10.1 | 71.00 | OK | |||
r-devel-windows-x86_64 | 1.10.1 | 21.00 | 75.00 | 96.00 | OK | |
r-patched-linux-x86_64 | 1.10.1 | 17.72 | 31.42 | 49.14 | OK | |
r-release-linux-x86_64 | 1.10.1 | 19.70 | 31.16 | 50.86 | OK | |
r-release-macos-arm64 | 1.10.1 | 51.00 | NOTE | |||
r-release-macos-x86_64 | 1.10.1 | 108.00 | NOTE | |||
r-release-windows-x86_64 | 1.10.1 | 20.00 | 82.00 | 102.00 | OK | |
r-oldrel-macos-arm64 | 1.10.1 | 54.00 | NOTE | |||
r-oldrel-macos-x86_64 | 1.10.1 | 115.00 | NOTE | |||
r-oldrel-windows-x86_64 | 1.10.1 | 26.00 | 82.00 | 108.00 | OK |
Version: 1.10.1
Check: installed package size
Result: NOTE
installed size is 7.1Mb
sub-directories of 1Mb or more:
libs 6.5Mb
Flavors: r-release-macos-arm64, r-release-macos-x86_64, r-oldrel-macos-arm64, r-oldrel-macos-x86_64