CRAN Package Check Results for Package ircor

Last updated on 2025-02-20 14:50:55 CET.

Flavor Version Tinstall Tcheck Ttotal Status Flags
r-devel-linux-x86_64-debian-clang 1.0 1.82 18.36 20.18 OK
r-devel-linux-x86_64-debian-gcc 1.0 1.47 14.99 16.46 OK
r-devel-linux-x86_64-fedora-clang 1.0 33.97 OK
r-devel-linux-x86_64-fedora-gcc 1.0 31.05 OK
r-devel-macos-arm64 1.0 14.00 OK
r-devel-macos-x86_64 1.0 24.00 OK
r-devel-windows-x86_64 1.0 3.00 41.00 44.00 OK
r-patched-linux-x86_64 1.0 1.85 18.09 19.94 NOTE
r-release-linux-x86_64 1.0 1.51 19.01 20.52 NOTE
r-release-macos-arm64 1.0 14.00 NOTE
r-release-macos-x86_64 1.0 20.00 NOTE
r-release-windows-x86_64 1.0 3.00 40.00 43.00 NOTE
r-oldrel-macos-arm64 1.0 15.00 NOTE
r-oldrel-macos-x86_64 1.0 19.00 NOTE
r-oldrel-windows-x86_64 1.0 4.00 41.00 45.00 NOTE

Check Details

Version: 1.0
Check: LazyData
Result: NOTE 'LazyData' is specified without a 'data' directory Flavors: r-patched-linux-x86_64, r-release-linux-x86_64, r-release-macos-arm64, r-release-macos-x86_64, r-release-windows-x86_64, r-oldrel-macos-arm64, r-oldrel-macos-x86_64, r-oldrel-windows-x86_64