Last updated on 2025-02-21 02:52:14 CET.
Flavor | Version | Tinstall | Tcheck | Ttotal | Status | Flags |
---|---|---|---|---|---|---|
r-devel-linux-x86_64-debian-clang | 1.3.1 | 8.59 | 119.62 | 128.21 | OK | |
r-devel-linux-x86_64-debian-gcc | 1.3.1 | 5.44 | 90.57 | 96.01 | OK | |
r-devel-linux-x86_64-fedora-clang | 1.3.1 | 201.59 | OK | |||
r-devel-linux-x86_64-fedora-gcc | 1.3.1 | 194.03 | OK | |||
r-devel-macos-arm64 | 1.3.1 | 63.00 | OK | |||
r-devel-macos-x86_64 | 1.3.1 | 105.00 | OK | |||
r-devel-windows-x86_64 | 1.3.1 | 10.00 | 120.00 | 130.00 | OK | |
r-patched-linux-x86_64 | 1.3.1 | 8.23 | 112.46 | 120.69 | OK | |
r-release-linux-x86_64 | 1.3.1 | 6.92 | 111.42 | 118.34 | OK | |
r-release-macos-arm64 | 1.3.1 | 68.00 | NOTE | |||
r-release-macos-x86_64 | 1.3.1 | 121.00 | NOTE | |||
r-release-windows-x86_64 | 1.3.1 | 11.00 | 118.00 | 129.00 | NOTE | |
r-oldrel-macos-arm64 | 1.3.1 | 78.00 | NOTE | |||
r-oldrel-macos-x86_64 | 1.3.1 | 134.00 | NOTE | |||
r-oldrel-windows-x86_64 | 1.3.1 | 15.00 | 134.00 | 149.00 | NOTE |
Version: 1.3.1
Check: installed package size
Result: NOTE
installed size is 6.2Mb
sub-directories of 1Mb or more:
doc 2.0Mb
extdata 3.3Mb
Flavors: r-release-macos-arm64, r-release-macos-x86_64, r-release-windows-x86_64, r-oldrel-macos-arm64, r-oldrel-macos-x86_64, r-oldrel-windows-x86_64