Last updated on 2025-02-21 02:52:14 CET.
Flavor | Version | Tinstall | Tcheck | Ttotal | Status | Flags |
---|---|---|---|---|---|---|
r-devel-linux-x86_64-debian-clang | 0.2.6 | 691.05 | 262.45 | 953.50 | NOTE | |
r-devel-linux-x86_64-debian-gcc | 0.2.6 | 497.17 | 172.27 | 669.44 | NOTE | |
r-devel-linux-x86_64-fedora-clang | 0.2.6 | 1807.17 | NOTE | |||
r-devel-linux-x86_64-fedora-gcc | 0.2.6 | 1785.51 | NOTE | |||
r-devel-macos-arm64 | 0.2.6 | 348.00 | NOTE | |||
r-devel-macos-x86_64 | 0.2.6 | 489.00 | NOTE | |||
r-devel-windows-x86_64 | 0.2.6 | 690.00 | 401.00 | 1091.00 | NOTE | |
r-patched-linux-x86_64 | 0.2.6 | 689.72 | 250.80 | 940.52 | NOTE | |
r-release-linux-x86_64 | 0.2.6 | 701.03 | 247.22 | 948.25 | NOTE | |
r-release-macos-arm64 | 0.2.6 | 377.00 | NOTE | |||
r-release-macos-x86_64 | 0.2.6 | 417.00 | NOTE | |||
r-release-windows-x86_64 | 0.2.6 | 702.00 | 396.00 | 1098.00 | NOTE | |
r-oldrel-macos-arm64 | 0.2.6 | 372.00 | NOTE | |||
r-oldrel-macos-x86_64 | 0.2.6 | 480.00 | NOTE | |||
r-oldrel-windows-x86_64 | 0.2.6 | 831.00 | 449.00 | 1280.00 | NOTE |
Version: 0.2.6
Check: Rd files
Result: NOTE
checkRd: (-1) jSDM_binomial_probit_long_format.Rd:45: Lost braces
45 | \code{species} \tab numeric or character eqn{n_{obs}}{n_obs}-length vector indicating the species observed, \cr
| ^
checkRd: (-1) jSDM_binomial_probit_long_format.Rd:45: Lost braces; missing escapes or markup?
45 | \code{species} \tab numeric or character eqn{n_{obs}}{n_obs}-length vector indicating the species observed, \cr
| ^
checkRd: (-1) jSDM_binomial_probit_long_format.Rd:45: Lost braces
45 | \code{species} \tab numeric or character eqn{n_{obs}}{n_obs}-length vector indicating the species observed, \cr
| ^
Flavors: r-devel-linux-x86_64-debian-clang, r-devel-linux-x86_64-debian-gcc, r-devel-linux-x86_64-fedora-clang, r-devel-linux-x86_64-fedora-gcc, r-devel-macos-arm64, r-devel-macos-x86_64, r-devel-windows-x86_64, r-patched-linux-x86_64, r-release-linux-x86_64, r-release-macos-arm64, r-release-macos-x86_64, r-release-windows-x86_64
Version: 0.2.6
Check: installed package size
Result: NOTE
installed size is 34.2Mb
sub-directories of 1Mb or more:
libs 32.8Mb
Flavors: r-release-macos-arm64, r-release-macos-x86_64, r-oldrel-macos-arm64, r-oldrel-macos-x86_64, r-oldrel-windows-x86_64