Last updated on 2025-02-21 02:52:14 CET.
Flavor | Version | Tinstall | Tcheck | Ttotal | Status | Flags |
---|---|---|---|---|---|---|
r-devel-linux-x86_64-debian-clang | 1.1.5 | 200.59 | 49.01 | 249.60 | OK | |
r-devel-linux-x86_64-debian-gcc | 1.1.5 | 150.88 | 37.09 | 187.97 | OK | |
r-devel-linux-x86_64-fedora-clang | 1.1.5 | 501.78 | OK | |||
r-devel-linux-x86_64-fedora-gcc | 1.1.5 | 507.68 | OK | |||
r-devel-macos-arm64 | 1.1.5 | 105.00 | OK | |||
r-devel-macos-x86_64 | 1.1.5 | 135.00 | OK | |||
r-devel-windows-x86_64 | 1.1.5 | 232.00 | 170.00 | 402.00 | OK | |
r-patched-linux-x86_64 | 1.1.5 | 218.53 | 46.45 | 264.98 | NOTE | |
r-release-linux-x86_64 | 1.1.5 | 215.40 | 47.38 | 262.78 | NOTE | |
r-release-macos-arm64 | 1.1.5 | 109.00 | NOTE | |||
r-release-macos-x86_64 | 1.1.5 | 103.00 | NOTE | |||
r-release-windows-x86_64 | 1.1.5 | 240.00 | 176.00 | 416.00 | NOTE | |
r-oldrel-macos-arm64 | 1.1.5 | 116.00 | NOTE | |||
r-oldrel-macos-x86_64 | 1.1.5 | 150.00 | NOTE | |||
r-oldrel-windows-x86_64 | 1.1.5 | 272.00 | 194.00 | 466.00 | NOTE |
Version: 1.1.5
Check: for GNU extensions in Makefiles
Result: NOTE
GNU make is a SystemRequirements.
Flavors: r-patched-linux-x86_64, r-release-linux-x86_64, r-release-macos-arm64, r-release-macos-x86_64, r-release-windows-x86_64, r-oldrel-macos-arm64, r-oldrel-macos-x86_64, r-oldrel-windows-x86_64
Version: 1.1.5
Check: installed package size
Result: NOTE
installed size is 19.7Mb
sub-directories of 1Mb or more:
art_profiles 1.5Mb
libs 17.3Mb
Flavors: r-release-macos-arm64, r-release-macos-x86_64, r-release-windows-x86_64, r-oldrel-macos-arm64, r-oldrel-macos-x86_64, r-oldrel-windows-x86_64