Last updated on 2025-02-18 02:50:39 CET.
Flavor | Version | Tinstall | Tcheck | Ttotal | Status | Flags |
---|---|---|---|---|---|---|
r-devel-linux-x86_64-debian-clang | 0.1.0 | 5.69 | 49.36 | 55.05 | OK | |
r-devel-linux-x86_64-debian-gcc | 0.1.0 | 4.48 | 36.01 | 40.49 | OK | |
r-devel-linux-x86_64-fedora-clang | 0.1.0 | 93.53 | NOTE | |||
r-devel-linux-x86_64-fedora-gcc | 0.1.0 | 97.50 | NOTE | |||
r-devel-macos-arm64 | 0.1.0 | 32.00 | OK | |||
r-devel-macos-x86_64 | 0.1.0 | 59.00 | OK | |||
r-devel-windows-x86_64 | 0.1.0 | 9.00 | 68.00 | 77.00 | OK | |
r-patched-linux-x86_64 | 0.1.0 | 4.81 | 45.79 | 50.60 | OK | |
r-release-linux-x86_64 | 0.1.0 | 4.73 | 46.23 | 50.96 | OK | |
r-release-macos-arm64 | 0.1.0 | 31.00 | OK | |||
r-release-macos-x86_64 | 0.1.0 | 52.00 | OK | |||
r-release-windows-x86_64 | 0.1.0 | 9.00 | 71.00 | 80.00 | OK | |
r-oldrel-macos-arm64 | 0.1.0 | 30.00 | OK | |||
r-oldrel-macos-x86_64 | 0.1.0 | 47.00 | OK | |||
r-oldrel-windows-x86_64 | 0.1.0 | 10.00 | 98.00 | 108.00 | OK |
Version: 0.1.0
Check: dependencies in R code
Result: NOTE
Namespaces in Imports field not imported from:
‘fBasics’ ‘reshape’ ‘tidyr’ ‘utils’
All declared Imports should be used.
Flavors: r-devel-linux-x86_64-fedora-clang, r-devel-linux-x86_64-fedora-gcc