Last updated on 2025-02-21 02:52:14 CET.
Flavor | Version | Tinstall | Tcheck | Ttotal | Status | Flags |
---|---|---|---|---|---|---|
r-devel-linux-x86_64-debian-clang | 0.1.1 | 2.89 | 26.88 | 29.77 | NOTE | |
r-devel-linux-x86_64-debian-gcc | 0.1.1 | 2.15 | 20.62 | 22.77 | NOTE | |
r-devel-linux-x86_64-fedora-clang | 0.1.1 | 46.94 | NOTE | |||
r-devel-linux-x86_64-fedora-gcc | 0.1.1 | 44.00 | NOTE | |||
r-devel-macos-arm64 | 0.1.1 | 19.00 | OK | |||
r-devel-macos-x86_64 | 0.1.1 | 30.00 | NOTE | |||
r-devel-windows-x86_64 | 0.1.1 | 4.00 | 48.00 | 52.00 | NOTE | |
r-patched-linux-x86_64 | 0.1.1 | 2.47 | 25.38 | 27.85 | OK | |
r-release-linux-x86_64 | 0.1.1 | 2.67 | 24.79 | 27.46 | OK | |
r-release-macos-arm64 | 0.1.1 | 19.00 | OK | |||
r-release-macos-x86_64 | 0.1.1 | 31.00 | OK | |||
r-release-windows-x86_64 | 0.1.1 | 4.00 | 46.00 | 50.00 | OK | |
r-oldrel-macos-arm64 | 0.1.1 | 21.00 | OK | |||
r-oldrel-macos-x86_64 | 0.1.1 | 45.00 | OK | |||
r-oldrel-windows-x86_64 | 0.1.1 | 4.00 | 69.00 | 73.00 | OK |
Version: 0.1.1
Check: DESCRIPTION meta-information
Result: NOTE
Missing dependency on R >= 4.1.0 because package code uses the pipe
|> or function shorthand \(...) syntax added in R 4.1.0.
File(s) using such syntax:
‘jdenticon.R’
Flavors: r-devel-linux-x86_64-debian-clang, r-devel-linux-x86_64-debian-gcc, r-devel-linux-x86_64-fedora-clang, r-devel-linux-x86_64-fedora-gcc, r-devel-macos-x86_64, r-devel-windows-x86_64