Last updated on 2025-05-17 14:50:15 CEST.
Flavor | Version | Tinstall | Tcheck | Ttotal | Status | Flags |
---|---|---|---|---|---|---|
r-devel-linux-x86_64-debian-clang | 0.1.1 | 2.74 | 28.06 | 30.80 | NOTE | |
r-devel-linux-x86_64-debian-gcc | 0.1.1 | 2.07 | 21.78 | 23.85 | NOTE | |
r-devel-linux-x86_64-fedora-clang | 0.1.1 | 46.63 | NOTE | |||
r-devel-linux-x86_64-fedora-gcc | 0.1.1 | 44.24 | NOTE | |||
r-devel-windows-x86_64 | 0.1.1 | 4.00 | 47.00 | 51.00 | NOTE | |
r-patched-linux-x86_64 | 0.1.1 | 2.73 | 25.79 | 28.52 | NOTE | |
r-release-linux-x86_64 | 0.1.1 | 2.20 | 25.67 | 27.87 | NOTE | |
r-release-macos-arm64 | 0.1.1 | 21.00 | NOTE | |||
r-release-macos-x86_64 | 0.1.1 | 30.00 | NOTE | |||
r-release-windows-x86_64 | 0.1.1 | 4.00 | 47.00 | 51.00 | NOTE | |
r-oldrel-macos-arm64 | 0.1.1 | 19.00 | OK | |||
r-oldrel-macos-x86_64 | 0.1.1 | 31.00 | OK | |||
r-oldrel-windows-x86_64 | 0.1.1 | 5.00 | 53.00 | 58.00 | OK |
Version: 0.1.1
Check: DESCRIPTION meta-information
Result: NOTE
Missing dependency on R >= 4.1.0 because package code uses the pipe
|> or function shorthand \(...) syntax added in R 4.1.0.
File(s) using such syntax:
‘jdenticon.R’
Flavors: r-devel-linux-x86_64-debian-clang, r-devel-linux-x86_64-debian-gcc, r-devel-linux-x86_64-fedora-clang, r-devel-linux-x86_64-fedora-gcc, r-devel-windows-x86_64, r-patched-linux-x86_64, r-release-linux-x86_64, r-release-macos-arm64, r-release-macos-x86_64, r-release-windows-x86_64