Last updated on 2025-05-10 02:49:46 CEST.
Flavor | Version | Tinstall | Tcheck | Ttotal | Status | Flags |
---|---|---|---|---|---|---|
r-devel-linux-x86_64-debian-clang | 0.2.4 | 5.51 | 125.15 | 130.66 | NOTE | |
r-devel-linux-x86_64-debian-gcc | 0.2.4 | 3.40 | 89.21 | 92.61 | NOTE | |
r-devel-linux-x86_64-fedora-clang | 0.2.4 | 205.31 | NOTE | |||
r-devel-linux-x86_64-fedora-gcc | 0.2.4 | 200.61 | NOTE | |||
r-devel-windows-x86_64 | 0.2.4 | 6.00 | 134.00 | 140.00 | NOTE | |
r-patched-linux-x86_64 | 0.2.4 | 6.74 | 115.84 | 122.58 | NOTE | |
r-release-linux-x86_64 | 0.2.4 | 5.29 | 113.55 | 118.84 | NOTE | |
r-release-macos-arm64 | 0.2.4 | 82.00 | NOTE | |||
r-release-macos-x86_64 | 0.2.4 | 155.00 | NOTE | |||
r-release-windows-x86_64 | 0.2.4 | 7.00 | 133.00 | 140.00 | NOTE | |
r-oldrel-macos-arm64 | 0.2.4 | 63.00 | OK | |||
r-oldrel-macos-x86_64 | 0.2.4 | 171.00 | OK | |||
r-oldrel-windows-x86_64 | 0.2.4 | 9.00 | 163.00 | 172.00 | OK |
Version: 0.2.4
Check: DESCRIPTION meta-information
Result: NOTE
Missing dependency on R >= 4.2.0 because package code uses the pipe
placeholder syntax added in R 4.2.0.
File(s) using such syntax:
‘joyn-merge.R’
Flavors: r-devel-linux-x86_64-debian-clang, r-devel-linux-x86_64-debian-gcc, r-devel-linux-x86_64-fedora-clang, r-devel-linux-x86_64-fedora-gcc, r-devel-windows-x86_64, r-patched-linux-x86_64, r-release-linux-x86_64, r-release-macos-arm64, r-release-macos-x86_64, r-release-windows-x86_64