Last updated on 2025-02-21 02:52:14 CET.
Flavor | Version | Tinstall | Tcheck | Ttotal | Status | Flags |
---|---|---|---|---|---|---|
r-devel-linux-x86_64-debian-clang | 0.1.1 | 6.01 | 81.41 | 87.42 | OK | |
r-devel-linux-x86_64-debian-gcc | 0.1.1 | 4.58 | 59.90 | 64.48 | OK | |
r-devel-linux-x86_64-fedora-clang | 0.1.1 | 144.02 | NOTE | |||
r-devel-linux-x86_64-fedora-gcc | 0.1.1 | 152.85 | NOTE | |||
r-devel-macos-arm64 | 0.1.1 | 57.00 | OK | |||
r-devel-macos-x86_64 | 0.1.1 | 107.00 | OK | |||
r-devel-windows-x86_64 | 0.1.1 | 8.00 | 93.00 | 101.00 | OK | |
r-patched-linux-x86_64 | 0.1.1 | 6.25 | 76.40 | 82.65 | OK | |
r-release-linux-x86_64 | 0.1.1 | 5.84 | 77.20 | 83.04 | OK | |
r-release-macos-arm64 | 0.1.1 | 54.00 | OK | |||
r-release-macos-x86_64 | 0.1.1 | 87.00 | OK | |||
r-release-windows-x86_64 | 0.1.1 | 9.00 | 94.00 | 103.00 | OK | |
r-oldrel-macos-arm64 | 0.1.1 | 51.00 | OK | |||
r-oldrel-macos-x86_64 | 0.1.1 | 84.00 | OK | |||
r-oldrel-windows-x86_64 | 0.1.1 | 10.00 | 124.00 | 134.00 | OK |
Version: 0.1.1
Check: dependencies in R code
Result: NOTE
Namespace in Imports field not imported from: ‘gifski’
All declared Imports should be used.
Flavors: r-devel-linux-x86_64-fedora-clang, r-devel-linux-x86_64-fedora-gcc