CRAN Package Check Results for Package kelvin

Last updated on 2025-02-21 02:52:14 CET.

Flavor Version Tinstall Tcheck Ttotal Status Flags
r-devel-linux-x86_64-debian-clang 2.0-2 3.53 43.71 47.24 NOTE
r-devel-linux-x86_64-debian-gcc 2.0-2 2.66 32.07 34.73 NOTE
r-devel-linux-x86_64-fedora-clang 2.0-2 75.73 NOTE
r-devel-linux-x86_64-fedora-gcc 2.0-2 85.50 NOTE
r-devel-macos-arm64 2.0-2 30.00 NOTE
r-devel-macos-x86_64 2.0-2 54.00 NOTE
r-devel-windows-x86_64 2.0-2 5.00 56.00 61.00 NOTE
r-patched-linux-x86_64 2.0-2 5.55 40.15 45.70 NOTE
r-release-linux-x86_64 2.0-2 3.35 41.26 44.61 NOTE
r-release-macos-arm64 2.0-2 30.00 NOTE
r-release-macos-x86_64 2.0-2 60.00 NOTE
r-release-windows-x86_64 2.0-2 4.00 58.00 62.00 NOTE
r-oldrel-macos-arm64 2.0-2 29.00 OK
r-oldrel-macos-x86_64 2.0-2 44.00 OK
r-oldrel-windows-x86_64 2.0-2 5.00 67.00 72.00 OK

Check Details

Version: 2.0-2
Check: Rd files
Result: NOTE prepare_Rd: NEWS.Rd:58: Dropping empty section ‘kelvin INITIAL VERSION 1.0-0 (2012-05-30)’ Flavors: r-devel-linux-x86_64-debian-clang, r-devel-linux-x86_64-debian-gcc, r-devel-linux-x86_64-fedora-clang, r-devel-linux-x86_64-fedora-gcc, r-devel-macos-arm64, r-devel-macos-x86_64, r-devel-windows-x86_64, r-patched-linux-x86_64, r-release-linux-x86_64, r-release-macos-arm64, r-release-macos-x86_64, r-release-windows-x86_64

Version: 2.0-2
Check: Rd cross-references
Result: NOTE Found the following Rd file(s) with Rd \link{} targets missing package anchors: Beir.Rd: BesselJ, BesselK Keir.Rd: BesselK Please provide package anchors for all Rd \link{} targets not in the package itself and the base packages. Flavors: r-devel-linux-x86_64-debian-clang, r-devel-linux-x86_64-debian-gcc, r-devel-windows-x86_64