Last updated on 2025-02-21 02:52:14 CET.
Flavor | Version | Tinstall | Tcheck | Ttotal | Status | Flags |
---|---|---|---|---|---|---|
r-devel-linux-x86_64-debian-clang | 2.15.0 | 21.93 | 200.28 | 222.21 | NOTE | |
r-devel-linux-x86_64-debian-gcc | 2.15.0 | 14.07 | 142.89 | 156.96 | NOTE | |
r-devel-linux-x86_64-fedora-clang | 2.15.0 | 352.03 | OK | |||
r-devel-linux-x86_64-fedora-gcc | 2.15.0 | 350.08 | OK | |||
r-devel-macos-arm64 | 2.15.0 | 115.00 | OK | |||
r-devel-macos-x86_64 | 2.15.0 | 283.00 | OK | |||
r-devel-windows-x86_64 | 2.15.0 | 29.00 | 286.00 | 315.00 | NOTE | |
r-patched-linux-x86_64 | 2.15.0 | 39.13 | 190.90 | 230.03 | OK | |
r-release-linux-x86_64 | 2.15.0 | 19.96 | 187.59 | 207.55 | OK | |
r-release-macos-arm64 | 2.15.0 | 124.00 | OK | |||
r-release-macos-x86_64 | 2.15.0 | 175.00 | NOTE | |||
r-release-windows-x86_64 | 2.15.0 | 28.00 | 276.00 | 304.00 | OK | |
r-oldrel-macos-arm64 | 2.15.0 | 107.00 | OK | |||
r-oldrel-macos-x86_64 | 2.15.0 | 222.00 | NOTE | |||
r-oldrel-windows-x86_64 | 2.15.0 | 34.00 | 318.00 | 352.00 | OK |
Version: 2.15.0
Check: Rd cross-references
Result: NOTE
Found the following Rd file(s) with Rd \link{} targets missing package
anchors:
KerasCallback.Rd: R6Class
KerasConstraint.Rd: R6Class
KerasLayer.Rd: R6Class
KerasWrapper.Rd: R6Class
Please provide package anchors for all Rd \link{} targets not in the
package itself and the base packages.
Flavors: r-devel-linux-x86_64-debian-clang, r-devel-linux-x86_64-debian-gcc, r-devel-windows-x86_64
Version: 2.15.0
Check: installed package size
Result: NOTE
installed size is 5.0Mb
sub-directories of 1Mb or more:
doc 2.0Mb
help 2.1Mb
Flavors: r-release-macos-x86_64, r-oldrel-macos-x86_64