Last updated on 2025-02-21 02:52:14 CET.
Flavor | Version | Tinstall | Tcheck | Ttotal | Status | Flags |
---|---|---|---|---|---|---|
r-devel-linux-x86_64-debian-clang | 1.2.0 | 40.66 | 692.85 | 733.51 | OK | |
r-devel-linux-x86_64-debian-gcc | 1.2.0 | 29.42 | 438.35 | 467.77 | OK | |
r-devel-linux-x86_64-fedora-clang | 1.2.0 | 1141.11 | OK | |||
r-devel-linux-x86_64-fedora-gcc | 1.2.0 | 1088.65 | OK | |||
r-devel-macos-arm64 | 1.2.0 | 269.00 | OK | |||
r-devel-macos-x86_64 | 1.2.0 | 604.00 | OK | |||
r-devel-windows-x86_64 | 1.2.0 | 47.00 | 861.00 | 908.00 | OK | |
r-patched-linux-x86_64 | 1.2.0 | 182.53 | 639.28 | 821.81 | OK | |
r-release-linux-x86_64 | 1.2.0 | 36.06 | 634.04 | 670.10 | OK | |
r-release-macos-arm64 | 1.2.0 | 261.00 | NOTE | |||
r-release-macos-x86_64 | 1.2.0 | 538.00 | NOTE | |||
r-release-windows-x86_64 | 1.2.0 | 46.00 | 739.00 | 785.00 | NOTE | |
r-oldrel-macos-arm64 | 1.2.0 | 285.00 | NOTE | |||
r-oldrel-macos-x86_64 | 1.2.0 | 525.00 | NOTE | |||
r-oldrel-windows-x86_64 | 1.2.0 | 58.00 | 901.00 | 959.00 | NOTE |
Version: 1.2.0
Check: installed package size
Result: NOTE
installed size is 12.1Mb
sub-directories of 1Mb or more:
doc 3.3Mb
help 8.0Mb
Flavors: r-release-macos-arm64, r-release-macos-x86_64, r-release-windows-x86_64, r-oldrel-macos-arm64, r-oldrel-macos-x86_64, r-oldrel-windows-x86_64