Last updated on 2025-02-21 02:52:14 CET.
Flavor | Version | Tinstall | Tcheck | Ttotal | Status | Flags |
---|---|---|---|---|---|---|
r-devel-linux-x86_64-debian-clang | 0.2.1 | 2.21 | 21.91 | 24.12 | NOTE | |
r-devel-linux-x86_64-debian-gcc | 0.2.1 | 1.67 | 17.61 | 19.28 | NOTE | |
r-devel-linux-x86_64-fedora-clang | 0.2.1 | 37.80 | NOTE | |||
r-devel-linux-x86_64-fedora-gcc | 0.2.1 | 36.85 | NOTE | |||
r-devel-macos-arm64 | 0.2.1 | 19.00 | NOTE | |||
r-devel-macos-x86_64 | 0.2.1 | 29.00 | NOTE | |||
r-devel-windows-x86_64 | 0.2.1 | 5.00 | 48.00 | 53.00 | NOTE | |
r-patched-linux-x86_64 | 0.2.1 | 1.96 | 21.26 | 23.22 | NOTE | |
r-release-linux-x86_64 | 0.2.1 | 2.31 | 21.39 | 23.70 | NOTE | |
r-release-macos-arm64 | 0.2.1 | 18.00 | NOTE | |||
r-release-macos-x86_64 | 0.2.1 | 24.00 | NOTE | |||
r-release-windows-x86_64 | 0.2.1 | 5.00 | 47.00 | 52.00 | NOTE | |
r-oldrel-macos-arm64 | 0.2.1 | 17.00 | NOTE | |||
r-oldrel-macos-x86_64 | 0.2.1 | 25.00 | NOTE | |||
r-oldrel-windows-x86_64 | 0.2.1 | 6.00 | 49.00 | 55.00 | NOTE |
Version: 0.2.1
Check: package subdirectories
Result: NOTE
Problems with news in ‘NEWS.md’:
Cannot extract version info from the following section titles:
Minor Changes
Flavors: r-devel-linux-x86_64-debian-clang, r-devel-linux-x86_64-debian-gcc, r-devel-linux-x86_64-fedora-clang, r-devel-linux-x86_64-fedora-gcc, r-devel-macos-arm64, r-devel-macos-x86_64, r-devel-windows-x86_64, r-patched-linux-x86_64, r-release-linux-x86_64, r-release-macos-arm64, r-release-macos-x86_64, r-release-windows-x86_64, r-oldrel-macos-arm64, r-oldrel-macos-x86_64, r-oldrel-windows-x86_64