Last updated on 2025-05-10 02:49:46 CEST.
Flavor | Version | Tinstall | Tcheck | Ttotal | Status | Flags |
---|---|---|---|---|---|---|
r-devel-linux-x86_64-debian-clang | 1.0.4 | 2.50 | 27.35 | 29.85 | NOTE | |
r-devel-linux-x86_64-debian-gcc | 1.0.4 | 2.17 | 21.23 | 23.40 | NOTE | |
r-devel-linux-x86_64-fedora-clang | 1.0.4 | 44.49 | OK | |||
r-devel-linux-x86_64-fedora-gcc | 1.0.4 | 59.44 | OK | |||
r-devel-windows-x86_64 | 1.0.4 | 5.00 | 47.00 | 52.00 | OK | |
r-patched-linux-x86_64 | 1.0.4 | 2.67 | 24.91 | 27.58 | OK | |
r-release-linux-x86_64 | 1.0.4 | 2.53 | 24.79 | 27.32 | OK | |
r-release-macos-arm64 | 1.0.4 | 23.00 | OK | |||
r-release-macos-x86_64 | 1.0.4 | 41.00 | OK | |||
r-release-windows-x86_64 | 1.0.4 | 5.00 | 48.00 | 53.00 | OK | |
r-oldrel-macos-arm64 | 1.0.4 | 24.00 | NOTE | |||
r-oldrel-macos-x86_64 | 1.0.4 | 35.00 | NOTE | |||
r-oldrel-windows-x86_64 | 1.0.4 | 5.00 | 53.00 | 58.00 | NOTE |
Version: 1.0.4
Check: CRAN incoming feasibility
Result: NOTE
Maintainer: ‘Alessandra Cabassi <alessandra.cabassi@mrc-bsu.cam.ac.uk>’
Package CITATION file contains call(s) to old-style personList() or
as.personList(). Please use c() on person objects instead.
Package CITATION file contains call(s) to old-style citEntry(). Please
use bibentry() instead.
Flavors: r-devel-linux-x86_64-debian-clang, r-devel-linux-x86_64-debian-gcc
Version: 1.0.4
Check: LazyData
Result: NOTE
'LazyData' is specified without a 'data' directory
Flavors: r-oldrel-macos-arm64, r-oldrel-macos-x86_64, r-oldrel-windows-x86_64