CRAN Package Check Results for Package ksNN

Last updated on 2025-02-21 02:52:14 CET.

Flavor Version Tinstall Tcheck Ttotal Status Flags
r-devel-linux-x86_64-debian-clang 0.1.2 10.16 22.45 32.61 OK
r-devel-linux-x86_64-debian-gcc 0.1.2 7.84 18.18 26.02 OK
r-devel-linux-x86_64-fedora-clang 0.1.2 57.40 OK
r-devel-linux-x86_64-fedora-gcc 0.1.2 54.21 OK
r-devel-macos-arm64 0.1.2 21.00 OK
r-devel-macos-x86_64 0.1.2 36.00 OK
r-devel-windows-x86_64 0.1.2 14.00 66.00 80.00 OK
r-patched-linux-x86_64 0.1.2 11.08 21.32 32.40 NOTE
r-release-linux-x86_64 0.1.2 10.79 21.47 32.26 NOTE
r-release-macos-arm64 0.1.2 21.00 NOTE
r-release-macos-x86_64 0.1.2 30.00 NOTE
r-release-windows-x86_64 0.1.2 14.00 68.00 82.00 NOTE
r-oldrel-macos-arm64 0.1.2 26.00 NOTE
r-oldrel-macos-x86_64 0.1.2 35.00 NOTE
r-oldrel-windows-x86_64 0.1.2 15.00 77.00 92.00 NOTE

Check Details

Version: 0.1.2
Check: LazyData
Result: NOTE 'LazyData' is specified without a 'data' directory Flavors: r-patched-linux-x86_64, r-release-linux-x86_64, r-release-macos-arm64, r-release-macos-x86_64, r-release-windows-x86_64, r-oldrel-macos-arm64, r-oldrel-macos-x86_64, r-oldrel-windows-x86_64