Last updated on 2025-02-21 02:52:14 CET.
Flavor | Version | Tinstall | Tcheck | Ttotal | Status | Flags |
---|---|---|---|---|---|---|
r-devel-linux-x86_64-debian-clang | 0.0.1 | 7.58 | 62.27 | 69.85 | NOTE | |
r-devel-linux-x86_64-debian-gcc | 0.0.1 | 4.82 | 42.63 | 47.45 | NOTE | |
r-devel-linux-x86_64-fedora-clang | 0.0.1 | 108.69 | OK | |||
r-devel-linux-x86_64-fedora-gcc | 0.0.1 | 96.89 | OK | |||
r-devel-macos-arm64 | 0.0.1 | 33.00 | OK | |||
r-devel-macos-x86_64 | 0.0.1 | 61.00 | OK | |||
r-devel-windows-x86_64 | 0.0.1 | 7.00 | 72.00 | 79.00 | NOTE | |
r-patched-linux-x86_64 | 0.0.1 | 10.11 | 54.96 | 65.07 | OK | |
r-release-linux-x86_64 | 0.0.1 | 6.98 | 55.39 | 62.37 | OK | |
r-release-macos-arm64 | 0.0.1 | 31.00 | OK | |||
r-release-macos-x86_64 | 0.0.1 | 48.00 | OK | |||
r-release-windows-x86_64 | 0.0.1 | 9.00 | 73.00 | 82.00 | OK | |
r-oldrel-macos-arm64 | 0.0.1 | 35.00 | OK | |||
r-oldrel-macos-x86_64 | 0.0.1 | 46.00 | OK | |||
r-oldrel-windows-x86_64 | 0.0.1 | 10.00 | 89.00 | 99.00 | OK |
Version: 0.0.1
Check: Rd cross-references
Result: NOTE
Found the following Rd file(s) with Rd \link{} targets missing package
anchors:
get_imputations.Rd: imputeTS, forecast
kssa.Rd: imputeTS, forecast
Please provide package anchors for all Rd \link{} targets not in the
package itself and the base packages.
Flavors: r-devel-linux-x86_64-debian-clang, r-devel-linux-x86_64-debian-gcc, r-devel-windows-x86_64