Last updated on 2025-02-21 02:52:14 CET.
Flavor | Version | Tinstall | Tcheck | Ttotal | Status | Flags |
---|---|---|---|---|---|---|
r-devel-linux-x86_64-debian-clang | 1.0.1 | 26.83 | 135.72 | 162.55 | NOTE | |
r-devel-linux-x86_64-debian-gcc | 1.0.1 | 20.79 | 88.67 | 109.46 | NOTE | |
r-devel-linux-x86_64-fedora-clang | 1.0.1 | 271.93 | NOTE | |||
r-devel-linux-x86_64-fedora-gcc | 1.0.1 | 260.78 | NOTE | |||
r-devel-macos-arm64 | 1.0.1 | 110.00 | NOTE | |||
r-devel-macos-x86_64 | 1.0.1 | 314.00 | NOTE | |||
r-devel-windows-x86_64 | 1.0.1 | 59.00 | 173.00 | 232.00 | NOTE | |
r-patched-linux-x86_64 | 1.0.1 | 27.56 | 129.85 | 157.41 | NOTE | |
r-release-linux-x86_64 | 1.0.1 | 27.13 | 128.38 | 155.51 | NOTE | |
r-release-macos-arm64 | 1.0.1 | 111.00 | NOTE | |||
r-release-macos-x86_64 | 1.0.1 | 208.00 | NOTE | |||
r-release-windows-x86_64 | 1.0.1 | 56.00 | 172.00 | 228.00 | NOTE | |
r-oldrel-macos-arm64 | 1.0.1 | 154.00 | NOTE | |||
r-oldrel-macos-x86_64 | 1.0.1 | 203.00 | NOTE | |||
r-oldrel-windows-x86_64 | 1.0.1 | 43.00 | 259.00 | 302.00 | OK |
Version: 1.0.1
Check: Rd files
Result: NOTE
checkRd: (-1) ln_quantile_value.Rd:44: Lost braces in \itemize; \value handles \item{}{} directly
checkRd: (-1) ln_quantile_value.Rd:45: Lost braces in \itemize; \value handles \item{}{} directly
checkRd: (-1) ln_quantile_value.Rd:46: Lost braces in \itemize; \value handles \item{}{} directly
checkRd: (-1) ln_quantile_value.Rd:47: Lost braces in \itemize; \value handles \item{}{} directly
checkRd: (-1) ln_quantile_value.Rd:48: Lost braces in \itemize; \value handles \item{}{} directly
checkRd: (-1) ln_quantile_value.Rd:49: Lost braces in \itemize; \value handles \item{}{} directly
Flavors: r-devel-linux-x86_64-debian-clang, r-devel-linux-x86_64-debian-gcc, r-devel-linux-x86_64-fedora-clang, r-devel-linux-x86_64-fedora-gcc, r-devel-macos-arm64, r-devel-macos-x86_64, r-devel-windows-x86_64, r-patched-linux-x86_64, r-release-linux-x86_64, r-release-macos-arm64, r-release-macos-x86_64, r-release-windows-x86_64
Version: 1.0.1
Check: installed package size
Result: NOTE
installed size is 5.4Mb
sub-directories of 1Mb or more:
R 5.2Mb
Flavors: r-release-macos-arm64, r-release-macos-x86_64, r-oldrel-macos-arm64, r-oldrel-macos-x86_64