Last updated on 2025-02-18 02:50:39 CET.
Flavor | Version | Tinstall | Tcheck | Ttotal | Status | Flags |
---|---|---|---|---|---|---|
r-devel-linux-x86_64-debian-clang | 1.1.0 | 15.11 | 34.07 | 49.18 | OK | |
r-devel-linux-x86_64-debian-gcc | 1.1.0 | 9.31 | 23.45 | 32.76 | OK | |
r-devel-linux-x86_64-fedora-clang | 1.1.0 | 81.30 | OK | |||
r-devel-linux-x86_64-fedora-gcc | 1.1.0 | 72.61 | OK | |||
r-devel-macos-arm64 | 1.1.0 | 23.00 | OK | |||
r-devel-macos-x86_64 | 1.1.0 | 43.00 | OK | |||
r-devel-windows-x86_64 | 1.1.0 | 12.00 | 56.00 | 68.00 | OK | |
r-patched-linux-x86_64 | 1.1.0 | 12.65 | 32.65 | 45.30 | NOTE | |
r-release-linux-x86_64 | 1.1.0 | 12.39 | 32.63 | 45.02 | NOTE | |
r-release-macos-arm64 | 1.1.0 | 24.00 | NOTE | |||
r-release-macos-x86_64 | 1.1.0 | 35.00 | NOTE | |||
r-release-windows-x86_64 | 1.1.0 | 13.00 | 50.00 | 63.00 | NOTE | |
r-oldrel-macos-arm64 | 1.1.0 | 25.00 | NOTE | |||
r-oldrel-macos-x86_64 | 1.1.0 | 39.00 | NOTE | |||
r-oldrel-windows-x86_64 | 1.1.0 | 16.00 | 59.00 | 75.00 | NOTE |
Version: 1.1.0
Check: LazyData
Result: NOTE
'LazyData' is specified without a 'data' directory
Flavors: r-patched-linux-x86_64, r-release-linux-x86_64, r-release-macos-arm64, r-release-macos-x86_64, r-release-windows-x86_64, r-oldrel-macos-arm64, r-oldrel-macos-x86_64, r-oldrel-windows-x86_64