CRAN Package Check Results for Package languagelayeR

Last updated on 2025-02-18 02:50:39 CET.

Flavor Version Tinstall Tcheck Ttotal Status Flags
r-devel-linux-x86_64-debian-clang 1.2.4 2.17 27.20 29.37 OK
r-devel-linux-x86_64-debian-gcc 1.2.4 1.79 22.24 24.03 OK
r-devel-linux-x86_64-fedora-clang 1.2.4 49.38 OK
r-devel-linux-x86_64-fedora-gcc 1.2.4 59.67 OK
r-devel-macos-arm64 1.2.4 26.00 OK
r-devel-macos-x86_64 1.2.4 52.00 OK
r-devel-windows-x86_64 1.2.4 4.00 50.00 54.00 OK
r-patched-linux-x86_64 1.2.4 2.13 26.44 28.57 NOTE
r-release-linux-x86_64 1.2.4 2.20 26.24 28.44 NOTE
r-release-macos-arm64 1.2.4 26.00 NOTE
r-release-macos-x86_64 1.2.4 43.00 NOTE
r-release-windows-x86_64 1.2.4 4.00 50.00 54.00 NOTE
r-oldrel-macos-arm64 1.2.4 24.00 NOTE
r-oldrel-macos-x86_64 1.2.4 38.00 NOTE
r-oldrel-windows-x86_64 1.2.4 4.00 79.00 83.00 NOTE

Check Details

Version: 1.2.4
Check: LazyData
Result: NOTE 'LazyData' is specified without a 'data' directory Flavors: r-patched-linux-x86_64, r-release-linux-x86_64, r-release-macos-arm64, r-release-macos-x86_64, r-release-windows-x86_64, r-oldrel-macos-arm64, r-oldrel-macos-x86_64, r-oldrel-windows-x86_64