Last updated on 2024-05-21 14:57:14 CEST.
Flavor | Version | Tinstall | Tcheck | Ttotal | Status | Flags |
---|---|---|---|---|---|---|
r-devel-linux-x86_64-debian-clang | 1.1 | 40.13 | 78.68 | 118.81 | NOTE | |
r-devel-linux-x86_64-debian-gcc | 1.1 | 27.94 | 60.13 | 88.07 | NOTE | |
r-devel-linux-x86_64-fedora-clang | 1.1 | 154.45 | NOTE | |||
r-devel-linux-x86_64-fedora-gcc | 1.1 | 147.52 | NOTE | |||
r-devel-windows-x86_64 | 1.1 | 32.00 | 92.00 | 124.00 | NOTE | |
r-patched-linux-x86_64 | 1.1 | 40.35 | 76.94 | 117.29 | NOTE | |
r-release-linux-x86_64 | 1.1 | 36.10 | 76.31 | 112.41 | NOTE | |
r-release-macos-arm64 | 1.1 | 40.00 | NOTE | |||
r-release-windows-x86_64 | 1.1 | 32.00 | 95.00 | 127.00 | NOTE | |
r-oldrel-macos-arm64 | 1.1 | 47.00 | NOTE | |||
r-oldrel-macos-x86_64 | 1.1 | 73.00 | NOTE | |||
r-oldrel-windows-x86_64 | 1.1 | 38.00 | 108.00 | 146.00 | NOTE |
Version: 1.1
Check: C++ specification
Result: NOTE
Specified C++11: please drop specification unless essential
Flavors: r-devel-linux-x86_64-debian-clang, r-devel-linux-x86_64-debian-gcc, r-devel-linux-x86_64-fedora-clang, r-devel-linux-x86_64-fedora-gcc, r-devel-windows-x86_64, r-patched-linux-x86_64, r-release-linux-x86_64, r-release-macos-arm64, r-release-windows-x86_64, r-oldrel-macos-arm64, r-oldrel-macos-x86_64, r-oldrel-windows-x86_64