CRAN Package Check Results for Package lazyarray

Last updated on 2025-02-18 02:50:39 CET.

Flavor Version Tinstall Tcheck Ttotal Status Flags
r-devel-linux-x86_64-debian-clang 1.1.0 21.44 36.76 58.20 NOTE
r-devel-linux-x86_64-debian-gcc 1.1.0 17.66 28.07 45.73 NOTE
r-devel-linux-x86_64-fedora-clang 1.1.0 109.26 NOTE
r-devel-linux-x86_64-fedora-gcc 1.1.0 116.41 NOTE
r-devel-macos-arm64 1.1.0 36.00 NOTE
r-devel-macos-x86_64 1.1.0 56.00 NOTE
r-devel-windows-x86_64 1.1.0 29.00 85.00 114.00 NOTE
r-patched-linux-x86_64 1.1.0 25.10 33.72 58.82 NOTE
r-release-linux-x86_64 1.1.0 25.72 33.90 59.62 NOTE
r-release-macos-arm64 1.1.0 36.00 NOTE
r-release-macos-x86_64 1.1.0 53.00 NOTE
r-release-windows-x86_64 1.1.0 30.00 77.00 107.00 NOTE
r-oldrel-macos-arm64 1.1.0 43.00 NOTE
r-oldrel-macos-x86_64 1.1.0 65.00 NOTE
r-oldrel-windows-x86_64 1.1.0 33.00 106.00 139.00 NOTE

Check Details

Version: 1.1.0
Check: C++ specification
Result: NOTE Specified C++11: please drop specification unless essential Flavors: r-devel-linux-x86_64-debian-clang, r-devel-linux-x86_64-debian-gcc, r-devel-linux-x86_64-fedora-clang, r-devel-linux-x86_64-fedora-gcc, r-devel-macos-arm64, r-devel-macos-x86_64, r-devel-windows-x86_64, r-patched-linux-x86_64, r-release-linux-x86_64, r-release-macos-arm64, r-release-macos-x86_64, r-release-windows-x86_64, r-oldrel-macos-arm64, r-oldrel-macos-x86_64, r-oldrel-windows-x86_64