Last updated on 2025-02-21 02:52:14 CET.
Flavor | Version | Tinstall | Tcheck | Ttotal | Status | Flags |
---|---|---|---|---|---|---|
r-devel-linux-x86_64-debian-clang | 1.0.2 | 5.52 | 58.26 | 63.78 | NOTE | |
r-devel-linux-x86_64-debian-gcc | 1.0.2 | 3.85 | 43.04 | 46.89 | NOTE | |
r-devel-linux-x86_64-fedora-clang | 1.0.2 | 102.18 | OK | |||
r-devel-linux-x86_64-fedora-gcc | 1.0.2 | 115.27 | OK | |||
r-devel-macos-arm64 | 1.0.2 | 42.00 | OK | |||
r-devel-macos-x86_64 | 1.0.2 | 83.00 | OK | |||
r-devel-windows-x86_64 | 1.0.2 | 8.00 | 86.00 | 94.00 | NOTE | |
r-patched-linux-x86_64 | 1.0.2 | 10.08 | 53.39 | 63.47 | NOTE | |
r-release-linux-x86_64 | 1.0.2 | 5.57 | 53.53 | 59.10 | NOTE | |
r-release-macos-arm64 | 1.0.2 | 40.00 | NOTE | |||
r-release-macos-x86_64 | 1.0.2 | 60.00 | NOTE | |||
r-release-windows-x86_64 | 1.0.2 | 8.00 | 80.00 | 88.00 | NOTE | |
r-oldrel-macos-arm64 | 1.0.2 | 44.00 | NOTE | |||
r-oldrel-macos-x86_64 | 1.0.2 | 64.00 | NOTE | |||
r-oldrel-windows-x86_64 | 1.0.2 | 9.00 | 86.00 | 95.00 | NOTE |
Version: 1.0.2
Check: Rd cross-references
Result: NOTE
Found the following Rd file(s) with Rd \link{} targets missing package
anchors:
FindTopicsNumber.Rd: LDAcontrol-class
Griffiths2004.Rd: LDAcontrol-class
Please provide package anchors for all Rd \link{} targets not in the
package itself and the base packages.
Flavors: r-devel-linux-x86_64-debian-clang, r-devel-linux-x86_64-debian-gcc, r-devel-windows-x86_64
Version: 1.0.2
Check: for unstated dependencies in ‘demo’
Result: NOTE
'::' or ':::' import not declared from: ‘tm’
'data(package=)' call not declared from: ‘tm’
Flavors: r-devel-linux-x86_64-debian-clang, r-devel-linux-x86_64-debian-gcc
Version: 1.0.2
Check: LazyData
Result: NOTE
'LazyData' is specified without a 'data' directory
Flavors: r-patched-linux-x86_64, r-release-linux-x86_64, r-release-macos-arm64, r-release-macos-x86_64, r-release-windows-x86_64, r-oldrel-macos-arm64, r-oldrel-macos-x86_64, r-oldrel-windows-x86_64