Last updated on 2025-02-18 02:50:39 CET.
Flavor | Version | Tinstall | Tcheck | Ttotal | Status | Flags |
---|---|---|---|---|---|---|
r-devel-linux-x86_64-debian-clang | 1.3 | 27.19 | 208.40 | 235.59 | NOTE | |
r-devel-linux-x86_64-debian-gcc | 1.3 | 19.16 | 152.70 | 171.86 | NOTE | |
r-devel-linux-x86_64-fedora-clang | 1.3 | 376.95 | NOTE | |||
r-devel-linux-x86_64-fedora-gcc | 1.3 | 349.14 | NOTE | |||
r-devel-macos-arm64 | 1.3 | 83.00 | NOTE | |||
r-devel-macos-x86_64 | 1.3 | 181.00 | NOTE | |||
r-devel-windows-x86_64 | 1.3 | 23.00 | 179.00 | 202.00 | NOTE | |
r-patched-linux-x86_64 | 1.3 | 22.06 | 187.04 | 209.10 | NOTE | |
r-release-linux-x86_64 | 1.3 | 23.89 | 188.53 | 212.42 | NOTE | |
r-release-macos-arm64 | 1.3 | 90.00 | NOTE | |||
r-release-macos-x86_64 | 1.3 | 149.00 | NOTE | |||
r-release-windows-x86_64 | 1.3 | 23.00 | 180.00 | 203.00 | NOTE | |
r-oldrel-macos-arm64 | 1.3 | 105.00 | OK | |||
r-oldrel-macos-x86_64 | 1.3 | 100.00 | OK | |||
r-oldrel-windows-x86_64 | 1.3 | 24.00 | 219.00 | 243.00 | OK |
Version: 1.3
Check: Rd files
Result: NOTE
checkRd: (-1) IPODFUN.Rd:18: Lost braces; missing escapes or markup?
18 | \item{H}{an N by N projection matrix X(X'X)^{-1}X' }
| ^
Flavors: r-devel-linux-x86_64-debian-clang, r-devel-linux-x86_64-debian-gcc, r-devel-linux-x86_64-fedora-clang, r-devel-linux-x86_64-fedora-gcc, r-devel-macos-arm64, r-devel-macos-x86_64, r-devel-windows-x86_64, r-patched-linux-x86_64, r-release-linux-x86_64, r-release-macos-arm64, r-release-macos-x86_64, r-release-windows-x86_64