Last updated on 2025-02-18 02:50:39 CET.
Flavor | Version | Tinstall | Tcheck | Ttotal | Status | Flags |
---|---|---|---|---|---|---|
r-devel-linux-x86_64-debian-clang | 0.4.3.1 | 8.91 | 121.66 | 130.57 | OK | |
r-devel-linux-x86_64-debian-gcc | 0.4.3.1 | 8.21 | 93.49 | 101.70 | OK | |
r-devel-linux-x86_64-fedora-clang | 0.4.3.1 | 227.07 | OK | |||
r-devel-linux-x86_64-fedora-gcc | 0.4.3.1 | 222.27 | OK | |||
r-devel-macos-arm64 | 0.4.3.1 | 72.00 | OK | |||
r-devel-macos-x86_64 | 0.4.3.1 | 125.00 | OK | |||
r-devel-windows-x86_64 | 0.4.3.1 | 114.00 | 812.00 | 926.00 | OK | |
r-patched-linux-x86_64 | 0.4.3.1 | 9.50 | 114.65 | 124.15 | OK | |
r-release-linux-x86_64 | 0.4.3.1 | 10.33 | 115.99 | 126.32 | OK | |
r-release-macos-arm64 | 0.4.3.1 | 64.00 | NOTE | |||
r-release-macos-x86_64 | 0.4.3.1 | 96.00 | NOTE | |||
r-release-windows-x86_64 | 0.4.3.1 | 109.00 | 822.00 | 931.00 | NOTE | |
r-oldrel-macos-arm64 | 0.4.3.1 | 66.00 | NOTE | |||
r-oldrel-macos-x86_64 | 0.4.3.1 | 214.00 | NOTE | |||
r-oldrel-windows-x86_64 | 0.4.3.1 | 69.00 | 421.00 | 490.00 | NOTE |
Version: 0.4.3.1
Check: installed package size
Result: NOTE
installed size is 5.5Mb
sub-directories of 1Mb or more:
doc 5.3Mb
Flavors: r-release-macos-arm64, r-release-macos-x86_64, r-release-windows-x86_64, r-oldrel-macos-arm64, r-oldrel-macos-x86_64, r-oldrel-windows-x86_64