CRAN Package Check Results for Package lenses

Last updated on 2025-02-21 02:52:15 CET.

Flavor Version Tinstall Tcheck Ttotal Status Flags
r-devel-linux-x86_64-debian-clang 0.0.3 2.74 23.46 26.20 OK
r-devel-linux-x86_64-debian-gcc 0.0.3 2.07 18.13 20.20 OK
r-devel-linux-x86_64-fedora-clang 0.0.3 41.08 OK
r-devel-linux-x86_64-fedora-gcc 0.0.3 39.37 OK
r-devel-macos-arm64 0.0.3 18.00 OK
r-devel-macos-x86_64 0.0.3 41.00 OK
r-devel-windows-x86_64 0.0.3 4.00 59.00 63.00 OK
r-patched-linux-x86_64 0.0.3 3.21 22.15 25.36 NOTE
r-release-linux-x86_64 0.0.3 2.60 22.63 25.23 NOTE
r-release-macos-arm64 0.0.3 17.00 NOTE
r-release-macos-x86_64 0.0.3 24.00 NOTE
r-release-windows-x86_64 0.0.3 4.00 53.00 57.00 NOTE
r-oldrel-macos-arm64 0.0.3 17.00 NOTE
r-oldrel-macos-x86_64 0.0.3 25.00 NOTE
r-oldrel-windows-x86_64 0.0.3 5.00 58.00 63.00 NOTE

Check Details

Version: 0.0.3
Check: LazyData
Result: NOTE 'LazyData' is specified without a 'data' directory Flavors: r-patched-linux-x86_64, r-release-linux-x86_64, r-release-macos-arm64, r-release-macos-x86_64, r-release-windows-x86_64, r-oldrel-macos-arm64, r-oldrel-macos-x86_64, r-oldrel-windows-x86_64