Last updated on 2024-05-21 14:57:15 CEST.
Flavor | Version | Tinstall | Tcheck | Ttotal | Status | Flags |
---|---|---|---|---|---|---|
r-devel-linux-x86_64-debian-clang | 0.6-2 | 6.10 | 38.61 | 44.71 | OK | |
r-devel-linux-x86_64-debian-gcc | 0.6-2 | 4.36 | 30.68 | 35.04 | OK | |
r-devel-linux-x86_64-fedora-clang | 0.6-2 | 55.23 | NOTE | |||
r-devel-linux-x86_64-fedora-gcc | 0.6-2 | 52.49 | NOTE | |||
r-devel-windows-x86_64 | 0.6-2 | 7.00 | 54.00 | 61.00 | OK | |
r-patched-linux-x86_64 | 0.6-2 | 6.77 | 36.94 | 43.71 | OK | |
r-release-linux-x86_64 | 0.6-2 | 5.69 | 37.39 | 43.08 | OK | |
r-release-macos-arm64 | 0.6-2 | 21.00 | OK | |||
r-release-windows-x86_64 | 0.6-2 | 7.00 | 55.00 | 62.00 | OK | |
r-oldrel-macos-arm64 | 0.6-2 | 24.00 | OK | |||
r-oldrel-macos-x86_64 | 0.6-2 | 33.00 | OK | |||
r-oldrel-windows-x86_64 | 0.6-2 | 9.00 | 56.00 | 65.00 | OK |
Version: 0.6-2
Check: compiled code
Result: NOTE
File ‘lgarch/libs/lgarch.so’:
Found no calls to: ‘R_registerRoutines’, ‘R_useDynamicSymbols’
It is good practice to register native routines and to disable symbol
search.
See ‘Writing portable packages’ in the ‘Writing R Extensions’ manual.
Flavors: r-devel-linux-x86_64-fedora-clang, r-devel-linux-x86_64-fedora-gcc