Last updated on 2025-02-21 02:52:15 CET.
Flavor | Version | Tinstall | Tcheck | Ttotal | Status | Flags |
---|---|---|---|---|---|---|
r-devel-linux-x86_64-debian-clang | 1.0.4 | 13.22 | 25.93 | 39.15 | OK | |
r-devel-linux-x86_64-debian-gcc | 1.0.4 | 10.78 | 21.04 | 31.82 | OK | |
r-devel-linux-x86_64-fedora-clang | 1.0.4 | 66.82 | OK | |||
r-devel-linux-x86_64-fedora-gcc | 1.0.4 | 64.47 | OK | |||
r-devel-macos-arm64 | 1.0.4 | 25.00 | OK | |||
r-devel-macos-x86_64 | 1.0.4 | 37.00 | OK | |||
r-devel-windows-x86_64 | 1.0.4 | 22.00 | 74.00 | 96.00 | OK | |
r-patched-linux-x86_64 | 1.0.4 | 14.08 | 24.72 | 38.80 | OK | |
r-release-linux-x86_64 | 1.0.4 | 13.57 | 24.29 | 37.86 | OK | |
r-release-macos-arm64 | 1.0.4 | 26.00 | OK | |||
r-release-macos-x86_64 | 1.0.4 | 58.00 | NOTE | |||
r-release-windows-x86_64 | 1.0.4 | 19.00 | 75.00 | 94.00 | OK | |
r-oldrel-macos-arm64 | 1.0.4 | 30.00 | OK | |||
r-oldrel-macos-x86_64 | 1.0.4 | 57.00 | NOTE | |||
r-oldrel-windows-x86_64 | 1.0.4 | 25.00 | 81.00 | 106.00 | OK |
Version: 1.0.4
Check: installed package size
Result: NOTE
installed size is 5.1Mb
sub-directories of 1Mb or more:
libs 5.0Mb
Flavors: r-release-macos-x86_64, r-oldrel-macos-x86_64