Last updated on 2025-02-21 02:52:15 CET.
Flavor | Version | Tinstall | Tcheck | Ttotal | Status | Flags |
---|---|---|---|---|---|---|
r-devel-linux-x86_64-debian-clang | 1.9 | 3.82 | 27.94 | 31.76 | NOTE | |
r-devel-linux-x86_64-debian-gcc | 1.9 | 2.99 | 20.75 | 23.74 | NOTE | |
r-devel-linux-x86_64-fedora-clang | 1.9 | 49.73 | NOTE | |||
r-devel-linux-x86_64-fedora-gcc | 1.9 | 48.29 | NOTE | |||
r-devel-macos-arm64 | 1.9 | 19.00 | NOTE | |||
r-devel-macos-x86_64 | 1.9 | 32.00 | NOTE | |||
r-devel-windows-x86_64 | 1.9 | 5.00 | 49.00 | 54.00 | NOTE | |
r-patched-linux-x86_64 | 1.9 | 4.23 | 26.07 | 30.30 | NOTE | |
r-release-linux-x86_64 | 1.9 | 3.87 | 26.18 | 30.05 | NOTE | |
r-release-macos-arm64 | 1.9 | 19.00 | NOTE | |||
r-release-macos-x86_64 | 1.9 | 27.00 | NOTE | |||
r-release-windows-x86_64 | 1.9 | 5.00 | 49.00 | 54.00 | NOTE | |
r-oldrel-macos-arm64 | 1.9 | 20.00 | OK | |||
r-oldrel-macos-x86_64 | 1.9 | 28.00 | OK | |||
r-oldrel-windows-x86_64 | 1.9 | 6.00 | 76.00 | 82.00 | OK |
Version: 1.9
Check: Rd files
Result: NOTE
checkRd: (-1) likelihood_calculation.Rd:24: Lost braces
24 | For eqn{i = 1\dots N} independent observations in a vector \var{X}, with individual observations \eqn{x_i}{xi}, and a set of parameter values \eqn{\theta}:
| ^
checkRd: (-1) simulated_annealing_algorithm.Rd:17: Lost braces in \itemize; meant \describe ?
checkRd: (-1) simulated_annealing_algorithm.Rd:18: Lost braces in \itemize; meant \describe ?
checkRd: (-1) simulated_annealing_algorithm.Rd:19: Lost braces in \itemize; meant \describe ?
checkRd: (-1) simulated_annealing_algorithm.Rd:20: Lost braces in \itemize; meant \describe ?
checkRd: (-1) simulated_annealing_algorithm.Rd:21: Lost braces in \itemize; meant \describe ?
checkRd: (-1) simulated_annealing_algorithm.Rd:26: Lost braces in \itemize; meant \describe ?
checkRd: (-1) simulated_annealing_algorithm.Rd:27: Lost braces in \itemize; meant \describe ?
Flavors: r-devel-linux-x86_64-debian-clang, r-devel-linux-x86_64-debian-gcc, r-devel-linux-x86_64-fedora-clang, r-devel-linux-x86_64-fedora-gcc, r-devel-macos-arm64, r-devel-macos-x86_64, r-devel-windows-x86_64, r-patched-linux-x86_64, r-release-linux-x86_64, r-release-macos-arm64, r-release-macos-x86_64, r-release-windows-x86_64