Last updated on 2025-05-12 14:49:01 CEST.
Flavor | Version | Tinstall | Tcheck | Ttotal | Status | Flags |
---|---|---|---|---|---|---|
r-devel-linux-x86_64-debian-clang | 0.1.3 | 2.52 | 40.60 | 43.12 | NOTE | |
r-devel-linux-x86_64-debian-gcc | 0.1.3 | 2.09 | 31.40 | 33.49 | NOTE | |
r-devel-linux-x86_64-fedora-clang | 0.1.3 | 68.76 | OK | |||
r-devel-linux-x86_64-fedora-gcc | 0.1.3 | 80.79 | OK | |||
r-devel-windows-x86_64 | 0.1.3 | 5.00 | 65.00 | 70.00 | OK | |
r-patched-linux-x86_64 | 0.1.3 | 3.90 | 38.37 | 42.27 | OK | |
r-release-linux-x86_64 | 0.1.3 | 2.61 | 38.32 | 40.93 | OK | |
r-release-macos-arm64 | 0.1.3 | 30.00 | OK | |||
r-release-macos-x86_64 | 0.1.3 | 58.00 | OK | |||
r-release-windows-x86_64 | 0.1.3 | 6.00 | 65.00 | 71.00 | OK | |
r-oldrel-macos-arm64 | 0.1.3 | 28.00 | OK | |||
r-oldrel-macos-x86_64 | 0.1.3 | 45.00 | OK | |||
r-oldrel-windows-x86_64 | 0.1.3 | 6.00 | 73.00 | 79.00 | OK |
Version: 0.1.3
Check: CRAN incoming feasibility
Result: NOTE
Maintainer: ‘Ethan Z. Welty <ethan.welty+linbin@gmail.com>’
Package CITATION file contains call(s) to old-style personList() or
as.personList(). Please use c() on person objects instead.
Package CITATION file contains call(s) to old-style citEntry(). Please
use bibentry() instead.
Flavors: r-devel-linux-x86_64-debian-clang, r-devel-linux-x86_64-debian-gcc