Last updated on 2024-05-21 02:54:30 CEST.
Flavor | Version | Tinstall | Tcheck | Ttotal | Status | Flags |
---|---|---|---|---|---|---|
r-devel-linux-x86_64-debian-clang | 0.0.2 | 4.80 | 60.00 | 64.80 | NOTE | |
r-devel-linux-x86_64-debian-gcc | 0.0.2 | 3.91 | 45.89 | 49.80 | NOTE | |
r-devel-linux-x86_64-fedora-clang | 0.0.2 | 81.71 | NOTE | |||
r-devel-linux-x86_64-fedora-gcc | 0.0.2 | 94.39 | NOTE | |||
r-devel-windows-x86_64 | 0.0.2 | 6.00 | 70.00 | 76.00 | NOTE | |
r-patched-linux-x86_64 | 0.0.2 | 4.54 | 57.92 | 62.46 | NOTE | |
r-release-linux-x86_64 | 0.0.2 | 5.23 | 57.34 | 62.57 | NOTE | |
r-release-macos-arm64 | 0.0.2 | 36.00 | NOTE | |||
r-release-windows-x86_64 | 0.0.2 | 6.00 | 70.00 | 76.00 | NOTE | |
r-oldrel-macos-arm64 | 0.0.2 | 41.00 | NOTE | |||
r-oldrel-macos-x86_64 | 0.0.2 | 55.00 | NOTE | |||
r-oldrel-windows-x86_64 | 0.0.2 | 7.00 | 75.00 | 82.00 | NOTE |
Version: 0.0.2
Check: LazyData
Result: NOTE
'LazyData' is specified without a 'data' directory
Flavors: r-devel-linux-x86_64-debian-clang, r-devel-linux-x86_64-debian-gcc, r-devel-linux-x86_64-fedora-clang, r-devel-linux-x86_64-fedora-gcc, r-devel-windows-x86_64, r-patched-linux-x86_64, r-release-linux-x86_64, r-release-macos-arm64, r-release-windows-x86_64, r-oldrel-macos-arm64, r-oldrel-macos-x86_64, r-oldrel-windows-x86_64
Version: 0.0.2
Check: dependencies in R code
Result: NOTE
Namespace in Imports field not imported from: ‘R6’
All declared Imports should be used.
Flavors: r-devel-linux-x86_64-fedora-clang, r-devel-linux-x86_64-fedora-gcc