Last updated on 2024-05-21 14:57:15 CEST.
Flavor | Version | Tinstall | Tcheck | Ttotal | Status | Flags |
---|---|---|---|---|---|---|
r-devel-linux-x86_64-debian-clang | 0.4.0 | 2.84 | 36.04 | 38.88 | OK | |
r-devel-linux-x86_64-debian-gcc | 0.4.0 | 2.11 | 27.17 | 29.28 | OK | |
r-devel-linux-x86_64-fedora-clang | 0.4.0 | 47.86 | NOTE | |||
r-devel-linux-x86_64-fedora-gcc | 0.4.0 | 48.10 | OK | |||
r-devel-windows-x86_64 | 0.4.0 | 3.00 | 50.00 | 53.00 | OK | |
r-patched-linux-x86_64 | 0.4.0 | 2.40 | 34.03 | 36.43 | OK | |
r-release-linux-x86_64 | 0.4.0 | 2.66 | 34.32 | 36.98 | OK | |
r-release-macos-arm64 | 0.4.0 | 20.00 | OK | |||
r-release-macos-x86_64 | 0.4.0 | 46.00 | OK | |||
r-release-windows-x86_64 | 0.4.0 | 3.00 | 52.00 | 55.00 | OK | |
r-oldrel-macos-arm64 | 0.4.0 | 26.00 | OK | |||
r-oldrel-macos-x86_64 | 0.4.0 | 45.00 | OK | |||
r-oldrel-windows-x86_64 | 0.4.0 | 4.00 | 55.00 | 59.00 | OK |
Version: 0.4.0
Check: Rd cross-references
Result: NOTE
Undeclared package ‘keras’ in Rd xrefs
Flavor: r-devel-linux-x86_64-fedora-clang