Last updated on 2025-02-21 02:52:15 CET.
Flavor | Version | Tinstall | Tcheck | Ttotal | Status | Flags |
---|---|---|---|---|---|---|
r-devel-linux-x86_64-debian-clang | 2.9.8 | 105.85 | 53.04 | 158.89 | OK | |
r-devel-linux-x86_64-debian-gcc | 2.9.8 | 68.09 | 38.70 | 106.79 | OK | |
r-devel-linux-x86_64-fedora-clang | 2.9.8 | 331.27 | OK | |||
r-devel-linux-x86_64-fedora-gcc | 2.9.8 | 296.26 | OK | |||
r-devel-macos-arm64 | 2.9.8 | 68.00 | OK | |||
r-devel-macos-x86_64 | 2.9.8 | 101.00 | OK | |||
r-devel-windows-x86_64 | 2.9.8 | 105.00 | 116.00 | 221.00 | OK | |
r-patched-linux-x86_64 | 2.9.8 | 97.70 | 50.70 | 148.40 | OK | |
r-release-linux-x86_64 | 2.9.8 | 96.80 | 50.32 | 147.12 | OK | |
r-release-macos-arm64 | 2.9.8 | 88.00 | OK | |||
r-release-macos-x86_64 | 2.9.8 | 120.00 | NOTE | |||
r-release-windows-x86_64 | 2.9.8 | 107.00 | 117.00 | 224.00 | OK | |
r-oldrel-macos-arm64 | 2.9.8 | 81.00 | OK | |||
r-oldrel-macos-x86_64 | 2.9.8 | 125.00 | NOTE | |||
r-oldrel-windows-x86_64 | 2.9.8 | 110.00 | 155.00 | 265.00 | OK |
Version: 2.9.8
Check: installed package size
Result: NOTE
installed size is 5.1Mb
sub-directories of 1Mb or more:
libs 4.7Mb
Flavors: r-release-macos-x86_64, r-oldrel-macos-x86_64