Last updated on 2025-02-21 02:52:15 CET.
Flavor | Version | Tinstall | Tcheck | Ttotal | Status | Flags |
---|---|---|---|---|---|---|
r-devel-linux-x86_64-debian-clang | 0.2.4 | 35.36 | 131.73 | 167.09 | OK | |
r-devel-linux-x86_64-debian-gcc | 0.2.4 | 23.21 | 90.44 | 113.65 | OK | |
r-devel-linux-x86_64-fedora-clang | 0.2.4 | 256.85 | OK | |||
r-devel-linux-x86_64-fedora-gcc | 0.2.4 | 246.57 | OK | |||
r-devel-macos-arm64 | 0.2.4 | 63.00 | OK | |||
r-devel-macos-x86_64 | 0.2.4 | 91.00 | OK | |||
r-devel-windows-x86_64 | 0.2.4 | 47.00 | 140.00 | 187.00 | OK | |
r-patched-linux-x86_64 | 0.2.4 | 35.02 | 117.59 | 152.61 | OK | |
r-release-linux-x86_64 | 0.2.4 | 33.91 | 118.08 | 151.99 | OK | |
r-release-macos-arm64 | 0.2.4 | 18.00 | ERROR | |||
r-release-macos-x86_64 | 0.2.4 | 122.00 | OK | |||
r-release-windows-x86_64 | 0.2.4 | 45.00 | 142.00 | 187.00 | OK | |
r-oldrel-macos-arm64 | 0.1.3 | 66.00 | OK | |||
r-oldrel-macos-x86_64 | 0.2.4 | 130.00 | OK | |||
r-oldrel-windows-x86_64 | 0.2.4 | 55.00 | 182.00 | 237.00 | OK |
Version: 0.2.4
Check: whether package can be installed
Result: ERROR
Installation failed.
Flavor: r-release-macos-arm64