Last updated on 2025-02-21 02:52:15 CET.
Flavor | Version | Tinstall | Tcheck | Ttotal | Status | Flags |
---|---|---|---|---|---|---|
r-devel-linux-x86_64-debian-clang | 1.6 | 10.43 | 98.74 | 109.17 | NOTE | |
r-devel-linux-x86_64-debian-gcc | 1.6 | 7.94 | 72.28 | 80.22 | NOTE | |
r-devel-linux-x86_64-fedora-clang | 1.6 | 170.21 | OK | |||
r-devel-linux-x86_64-fedora-gcc | 1.6 | 165.51 | OK | |||
r-devel-macos-arm64 | 1.6 | 55.00 | OK | |||
r-devel-macos-x86_64 | 1.6 | 112.00 | OK | |||
r-devel-windows-x86_64 | 1.6 | 12.00 | 119.00 | 131.00 | NOTE | |
r-patched-linux-x86_64 | 1.6 | 11.59 | 93.01 | 104.60 | OK | |
r-release-linux-x86_64 | 1.6 | 10.43 | 93.11 | 103.54 | OK | |
r-release-macos-arm64 | 1.6 | 56.00 | OK | |||
r-release-macos-x86_64 | 1.6 | 74.00 | OK | |||
r-release-windows-x86_64 | 1.6 | 13.00 | 117.00 | 130.00 | OK | |
r-oldrel-macos-arm64 | 1.6 | 61.00 | OK | |||
r-oldrel-macos-x86_64 | 1.6 | 79.00 | OK | |||
r-oldrel-windows-x86_64 | 1.6 | 17.00 | 140.00 | 157.00 | OK |
Version: 1.6
Check: Rd cross-references
Result: NOTE
Found the following Rd file(s) with Rd \link{} targets missing package
anchors:
fithd.Rd: nlme, lme, gls, gnls
Please provide package anchors for all Rd \link{} targets not in the
package itself and the base packages.
Flavors: r-devel-linux-x86_64-debian-clang, r-devel-linux-x86_64-debian-gcc, r-devel-windows-x86_64